{"id":971,"date":"2020-04-12T22:46:08","date_gmt":"2020-04-12T20:46:08","guid":{"rendered":"http:\/\/cosmos-culture-ecologie.com\/?page_id=971"},"modified":"2022-12-28T15:29:28","modified_gmt":"2022-12-28T14:29:28","slug":"pour-les-enfants","status":"publish","type":"page","link":"https:\/\/cosmos-culture-ecologie.com\/?page_id=971","title":{"rendered":"Les Rendez-vous Microcosmos, pour les enfants"},"content":{"rendered":"\n<p><strong>Des rendez-vous pour les plus jeunes, les \u00ab\u00a0micro-spectateurs\u00a0\u00bb<\/strong>. Des rendez-vous ainsi nomm\u00e9s en \u00e9cho bien s\u00fbr au nom de l&rsquo;association Cosmos &#8211; culture et \u00e9cologie, et en hommage au si beau film <em>Microcosmos <\/em>de Marie P\u00e9rennou et Claude Nurisdany, un film pr\u00e9curseur, et un classique, qui fera partie des Rendez-vous Microcosmos, d\u00e8s 2023 ! On vous en dit plus tr\u00e8s bient\u00f4t !<\/p>\n\n\n\n<p>L&rsquo;id\u00e9e : des rendez-vous r\u00e9guliers d\u00e9di\u00e9s aux<strong> enfants, jeunes adolescents et leurs familles, les centres sociaux, le p\u00e9riscolaire <\/strong>: des projections, des micro-conf\u00e9rences interactives de qualit\u00e9, des r\u00e9cits documentaires\u2026&nbsp;<\/p>\n\n\n\n<p>Des moments d\u2019apprentissage et d\u2019\u00e9merveillement, d\u2019intelligence et de po\u00e9sie, sp\u00e9cialement con\u00e7us pour les enfants et adapt\u00e9s \u00e0 leur \u00e2ge, en pr\u00e9sence d&rsquo;invit\u00e9s.&nbsp;<\/p>\n\n\n\n<div class=\"wp-block-image\"><figure class=\"aligncenter size-large is-resized\"><img loading=\"lazy\" decoding=\"async\" src=\"https:\/\/cosmos-culture-ecologie.com\/wp-content\/uploads\/2020\/03\/Cosmos-17-1024x683.jpg\" alt=\"\u00a9 Coralie Castillo\" class=\"wp-image-689\" width=\"511\" height=\"341\" srcset=\"https:\/\/cosmos-culture-ecologie.com\/wp-content\/uploads\/2020\/03\/Cosmos-17-1024x683.jpg 1024w, https:\/\/cosmos-culture-ecologie.com\/wp-content\/uploads\/2020\/03\/Cosmos-17-300x200.jpg 300w, https:\/\/cosmos-culture-ecologie.com\/wp-content\/uploads\/2020\/03\/Cosmos-17-768x513.jpg 768w, https:\/\/cosmos-culture-ecologie.com\/wp-content\/uploads\/2020\/03\/Cosmos-17-1536x1025.jpg 1536w, https:\/\/cosmos-culture-ecologie.com\/wp-content\/uploads\/2020\/03\/Cosmos-17-2048x1367.jpg 2048w, https:\/\/cosmos-culture-ecologie.com\/wp-content\/uploads\/2020\/03\/Cosmos-17-1200x801.jpg 1200w\" sizes=\"auto, (max-width: 511px) 85vw, 511px\" \/><figcaption>L&rsquo;oc\u00e9anographe Fran\u00e7ois Sarano \u00e0 la rencontre de onze classes de CM1-CM2 au Cin\u00e9 Rillieux, \u00e0 Rillieux-la-Pape. \u00a9Coralie De Boever-Malinic<\/figcaption><\/figure><\/div>\n\n\n\n<p><\/p>\n\n\n\n<p><\/p>\n","protected":false},"excerpt":{"rendered":"<p>Des rendez-vous pour les plus jeunes, les \u00ab\u00a0micro-spectateurs\u00a0\u00bb. Des rendez-vous ainsi nomm\u00e9s en \u00e9cho bien s\u00fbr au nom de l&rsquo;association Cosmos &#8211; culture et \u00e9cologie, et en hommage au si beau film Microcosmos de Marie P\u00e9rennou et Claude Nurisdany, un film pr\u00e9curseur, et un classique, qui fera partie des Rendez-vous Microcosmos, d\u00e8s 2023 ! On &hellip; <a href=\"https:\/\/cosmos-culture-ecologie.com\/?page_id=971\" class=\"more-link\">Continuer la lecture<span class=\"screen-reader-text\"> de &laquo;&nbsp;Les Rendez-vous Microcosmos, pour les enfants&nbsp;&raquo;<\/span><\/a><\/p>\n","protected":false},"author":1,"featured_media":0,"parent":0,"menu_order":0,"comment_status":"closed","ping_status":"closed","template":"","meta":{"footnotes":""},"class_list":["post-971","page","type-page","status-publish","hentry"],"_links":{"self":[{"href":"https:\/\/cosmos-culture-ecologie.com\/index.php?rest_route=\/wp\/v2\/pages\/971","targetHints":{"allow":["GET"]}}],"collection":[{"href":"https:\/\/cosmos-culture-ecologie.com\/index.php?rest_route=\/wp\/v2\/pages"}],"about":[{"href":"https:\/\/cosmos-culture-ecologie.com\/index.php?rest_route=\/wp\/v2\/types\/page"}],"author":[{"embeddable":true,"href":"https:\/\/cosmos-culture-ecologie.com\/index.php?rest_route=\/wp\/v2\/users\/1"}],"replies":[{"embeddable":true,"href":"https:\/\/cosmos-culture-ecologie.com\/index.php?rest_route=%2Fwp%2Fv2%2Fcomments&post=971"}],"version-history":[{"count":9,"href":"https:\/\/cosmos-culture-ecologie.com\/index.php?rest_route=\/wp\/v2\/pages\/971\/revisions"}],"predecessor-version":[{"id":2199,"href":"https:\/\/cosmos-culture-ecologie.com\/index.php?rest_route=\/wp\/v2\/pages\/971\/revisions\/2199"}],"wp:attachment":[{"href":"https:\/\/cosmos-culture-ecologie.com\/index.php?rest_route=%2Fwp%2Fv2%2Fmedia&parent=971"}],"curies":[{"name":"wp","href":"https:\/\/api.w.org\/{rel}","templated":true}]}}