{"id":522,"date":"2020-02-28T23:31:27","date_gmt":"2020-02-28T22:31:27","guid":{"rendered":"http:\/\/cosmos-culture-ecologie.com\/?page_id=522"},"modified":"2022-12-28T15:43:49","modified_gmt":"2022-12-28T14:43:49","slug":"lequipe-2","status":"publish","type":"page","link":"https:\/\/cosmos-culture-ecologie.com\/?page_id=522","title":{"rendered":"Equipe et collaborateur.ices de Cosmos"},"content":{"rendered":"\n<div class=\"wp-block-media-text alignwide is-stacked-on-mobile\" style=\"grid-template-columns:34% auto\"><figure class=\"wp-block-media-text__media\"><img loading=\"lazy\" decoding=\"async\" width=\"1024\" height=\"724\" src=\"https:\/\/cosmos-culture-ecologie.com\/wp-content\/uploads\/2020\/02\/cosmos-web-1024x724.jpg\" alt=\"\" class=\"wp-image-11 size-full\" srcset=\"https:\/\/cosmos-culture-ecologie.com\/wp-content\/uploads\/2020\/02\/cosmos-web-1024x724.jpg 1024w, https:\/\/cosmos-culture-ecologie.com\/wp-content\/uploads\/2020\/02\/cosmos-web-300x212.jpg 300w, https:\/\/cosmos-culture-ecologie.com\/wp-content\/uploads\/2020\/02\/cosmos-web-768x543.jpg 768w, https:\/\/cosmos-culture-ecologie.com\/wp-content\/uploads\/2020\/02\/cosmos-web-1568x1109.jpg 1568w\" sizes=\"auto, (max-width: 709px) 85vw, (max-width: 909px) 67vw, (max-width: 1362px) 62vw, 840px\" \/><\/figure><div class=\"wp-block-media-text__content\">\n<p><strong>Pauline De Boever&nbsp;<\/strong><\/p>\n\n\n\n<p class=\"has-small-font-size\">Cofondatrice et charg\u00e9e des projets de Cosmos, form\u00e9e \u00e0 l\u2019agriculture biologique, \u00e0 la permaculture, aux semences, aux for\u00eats-jardins, au th\u00e9\u00e2tre et au chant, elle m\u00eale dans Cosmos &#8211; culture et \u00e9cologie ses passions et ses engagements pour l\u2019\u00e9cologie et la culture sous toutes leurs formes. Elle travaille depuis pr\u00e8s de vingt ans dans le domaine culturel et cin\u00e9matographique. Elle a notamment oeuvr\u00e9 onze ans \u00e0 la programmation de l\u2019Institut Lumi\u00e8re, \u00e0 ses collections, et pour le festival Lumi\u00e8re. Elle a notamment fait entrer l\u2019\u00e9cologie rue du Premier-Film avec les s\u00e9ances Terre !<\/p>\n<\/div><\/div>\n\n\n\n<div class=\"wp-block-media-text alignwide is-stacked-on-mobile\" style=\"grid-template-columns:34% auto\"><figure class=\"wp-block-media-text__media\"><img loading=\"lazy\" decoding=\"async\" width=\"1024\" height=\"768\" src=\"https:\/\/cosmos-culture-ecologie.com\/wp-content\/uploads\/2022\/11\/20200901_180351-1024x768.jpg\" alt=\"\" class=\"wp-image-2125 size-full\" srcset=\"https:\/\/cosmos-culture-ecologie.com\/wp-content\/uploads\/2022\/11\/20200901_180351-1024x768.jpg 1024w, https:\/\/cosmos-culture-ecologie.com\/wp-content\/uploads\/2022\/11\/20200901_180351-300x225.jpg 300w, https:\/\/cosmos-culture-ecologie.com\/wp-content\/uploads\/2022\/11\/20200901_180351-768x576.jpg 768w, https:\/\/cosmos-culture-ecologie.com\/wp-content\/uploads\/2022\/11\/20200901_180351-1536x1152.jpg 1536w, https:\/\/cosmos-culture-ecologie.com\/wp-content\/uploads\/2022\/11\/20200901_180351-2048x1536.jpg 2048w, https:\/\/cosmos-culture-ecologie.com\/wp-content\/uploads\/2022\/11\/20200901_180351-1200x900.jpg 1200w\" sizes=\"auto, (max-width: 709px) 85vw, (max-width: 909px) 67vw, (max-width: 1362px) 62vw, 840px\" \/><\/figure><div class=\"wp-block-media-text__content\">\n<p style=\"font-size:15px\"><strong>C\u00e9line Rodriguez <\/strong><\/p>\n\n\n\n<p class=\"has-small-font-size\">C\u00e9line Rodriguez et A Fleur de sc\u00e8ne accompagnent Cosmos sur les questions administratives. <\/p>\n<\/div><\/div>\n\n\n\n<div class=\"wp-block-media-text alignwide is-stacked-on-mobile\" style=\"grid-template-columns:34% auto\"><figure class=\"wp-block-media-text__media\"><img loading=\"lazy\" decoding=\"async\" width=\"1024\" height=\"744\" src=\"https:\/\/cosmos-culture-ecologie.com\/wp-content\/uploads\/2020\/02\/vertrose-1024x744.jpg\" alt=\"\" class=\"wp-image-91 size-full\" srcset=\"https:\/\/cosmos-culture-ecologie.com\/wp-content\/uploads\/2020\/02\/vertrose-1024x744.jpg 1024w, https:\/\/cosmos-culture-ecologie.com\/wp-content\/uploads\/2020\/02\/vertrose-300x218.jpg 300w, https:\/\/cosmos-culture-ecologie.com\/wp-content\/uploads\/2020\/02\/vertrose-768x558.jpg 768w, https:\/\/cosmos-culture-ecologie.com\/wp-content\/uploads\/2020\/02\/vertrose-1536x1116.jpg 1536w, https:\/\/cosmos-culture-ecologie.com\/wp-content\/uploads\/2020\/02\/vertrose-2048x1488.jpg 2048w, https:\/\/cosmos-culture-ecologie.com\/wp-content\/uploads\/2020\/02\/vertrose-1200x872.jpg 1200w\" sizes=\"auto, (max-width: 709px) 85vw, (max-width: 909px) 67vw, (max-width: 1362px) 62vw, 840px\" \/><\/figure><div class=\"wp-block-media-text__content\">\n<p><strong><a href=\"https:\/\/vimeo.com\/auriculaire\">Thibault Louis&nbsp;<\/a><\/strong><\/p>\n\n\n\n<p class=\"has-small-font-size\">Cofondateur de Cosmos &#8211; culture et \u00e9cologie, Thibault Louis est monteur cin\u00e9ma (notamment de <em>L\u2019Eveil de la permaculture<\/em> d&rsquo;Adrien Bellay). Cin\u00e9phile, musicien, et passionn\u00e9 par l\u2019\u00e9cologie, il a sign\u00e9 deux bandes annonces pour les Rendez-vous Cosmos. <\/p>\n<\/div><\/div>\n\n\n\n<div class=\"wp-block-media-text alignwide is-stacked-on-mobile\" style=\"grid-template-columns:34% auto\"><figure class=\"wp-block-media-text__media\"><img loading=\"lazy\" decoding=\"async\" width=\"960\" height=\"960\" src=\"https:\/\/cosmos-culture-ecologie.com\/wp-content\/uploads\/2020\/02\/86794885_10155890960872706_9117097984557842432_o-1.jpg\" alt=\"\" class=\"wp-image-257 size-full\" srcset=\"https:\/\/cosmos-culture-ecologie.com\/wp-content\/uploads\/2020\/02\/86794885_10155890960872706_9117097984557842432_o-1.jpg 960w, https:\/\/cosmos-culture-ecologie.com\/wp-content\/uploads\/2020\/02\/86794885_10155890960872706_9117097984557842432_o-1-300x300.jpg 300w, https:\/\/cosmos-culture-ecologie.com\/wp-content\/uploads\/2020\/02\/86794885_10155890960872706_9117097984557842432_o-1-150x150.jpg 150w, https:\/\/cosmos-culture-ecologie.com\/wp-content\/uploads\/2020\/02\/86794885_10155890960872706_9117097984557842432_o-1-768x768.jpg 768w\" sizes=\"auto, (max-width: 709px) 85vw, (max-width: 909px) 67vw, (max-width: 1362px) 62vw, 840px\" \/><\/figure><div class=\"wp-block-media-text__content\">\n<p><strong><a href=\"http:\/\/phileasdogcorporation.com\/\">Phileas Dog&nbsp;<\/a><\/strong><\/p>\n\n\n\n<p class=\"has-small-font-size\">Illustratrice et graphiste, elle a sign\u00e9 le logo et l\u2019illustration de Cosmos &#8211; culture et \u00e9cologie, un champ plein d\u2019herbes folles et de vie, de couleurs, de fleurs et d\u2019insectes. Artiste talentueuse et sensible, artisane experte, elle a \u00e9galement cr\u00e9\u00e9 une tr\u00e8s belle s\u00e9rigraphie pour Cosmos, \u00e0 retrouver <a href=\"https:\/\/cosmos-culture-ecologie.com\/?page_id=232\">ici<\/a>. <\/p>\n<\/div><\/div>\n\n\n\n<p style=\"font-size:14px\"><strong>Le bureau de Cosmos &#8211; culture et \u00e9cologie est compos\u00e9 de C\u00e9cile Chemarin (Pr\u00e9sidente), de Thibault Louis (Secr\u00e9taire) et de Sandra Duclaux (Tr\u00e9sori\u00e8re). <\/strong><\/p>\n\n\n\n<p style=\"font-size:14px\">Elles et ils sont \u00e9galement \u00e0 nos c\u00f4t\u00e9s ou l&rsquo;ont \u00e9t\u00e9, merci \u00e0 elles et eux : <a href=\"https:\/\/fannyvandecandelaere.com\/\">Fanny Vandecandelaere<\/a> (photographe et vid\u00e9aste), <a href=\"https:\/\/blandinesoulage.com\/\">Blandine Soulage<\/a> (photographe), <a href=\"https:\/\/www.coraliecastillo.com\/\">Coralie De Boever <\/a>(photographe), <a href=\"http:\/\/www.soniaringoot.com\/\">Sonia Ringoot<\/a> (r\u00e9alisatrice film et radio), Sylvia da Rocha&#8230; <\/p>\n\n\n\n<p style=\"font-size:14px\">Cosmos &#8211; culture et \u00e9cologie est par ailleurs soutenue par l\u2019accompagnement et l\u2019engagement d\u2019une dizaine de personnes issues des milieux de l\u2019\u00e9cologie, de la culture, du cin\u00e9ma, de l\u2019audiovisuel, de l&rsquo;accompagnement professionnel, de la solidarit\u00e9, et du social, \u00e9tudiantes engag\u00e9es, toutes et tous mobilis\u00e9s par ces enjeux &#8211; r\u00e9alisateur, monitrice-\u00e9ducatrice, \u00e9ditrice, coach professionnelle, documentariste radio et vid\u00e9o, militant \u00e9cologiste, membres d\u2019institutions cl\u00e9s du cin\u00e9ma&#8230; &#8211; et qui participent chacun \u00e0 la r\u00e9alisation de ces projets.\u00a0<\/p>\n\n\n\n<div class=\"wp-block-image\"><figure class=\"aligncenter is-resized\"><img loading=\"lazy\" decoding=\"async\" src=\"https:\/\/cosmos-culture-ecologie.com\/wp-content\/uploads\/2020\/02\/DOU4241-1024x683.jpg\" alt=\"\" class=\"wp-image-542\" width=\"394\" height=\"262\" srcset=\"https:\/\/cosmos-culture-ecologie.com\/wp-content\/uploads\/2020\/02\/DOU4241-1024x683.jpg 1024w, https:\/\/cosmos-culture-ecologie.com\/wp-content\/uploads\/2020\/02\/DOU4241-300x200.jpg 300w, https:\/\/cosmos-culture-ecologie.com\/wp-content\/uploads\/2020\/02\/DOU4241-768x512.jpg 768w, https:\/\/cosmos-culture-ecologie.com\/wp-content\/uploads\/2020\/02\/DOU4241-1200x800.jpg 1200w, https:\/\/cosmos-culture-ecologie.com\/wp-content\/uploads\/2020\/02\/DOU4241.jpg 1500w\" sizes=\"auto, (max-width: 394px) 85vw, 394px\" \/><figcaption>\u00a9 Blandine Soulage<\/figcaption><\/figure><\/div>\n","protected":false},"excerpt":{"rendered":"<p>Pauline De Boever&nbsp; Cofondatrice et charg\u00e9e des projets de Cosmos, form\u00e9e \u00e0 l\u2019agriculture biologique, \u00e0 la permaculture, aux semences, aux for\u00eats-jardins, au th\u00e9\u00e2tre et au chant, elle m\u00eale dans Cosmos &#8211; culture et \u00e9cologie ses passions et ses engagements pour l\u2019\u00e9cologie et la culture sous toutes leurs formes. Elle travaille depuis pr\u00e8s de vingt ans &hellip; <a href=\"https:\/\/cosmos-culture-ecologie.com\/?page_id=522\" class=\"more-link\">Continuer la lecture<span class=\"screen-reader-text\"> de &laquo;&nbsp;Equipe et collaborateur.ices de Cosmos&nbsp;&raquo;<\/span><\/a><\/p>\n","protected":false},"author":1,"featured_media":0,"parent":0,"menu_order":0,"comment_status":"closed","ping_status":"closed","template":"","meta":{"footnotes":""},"class_list":["post-522","page","type-page","status-publish","hentry"],"_links":{"self":[{"href":"https:\/\/cosmos-culture-ecologie.com\/index.php?rest_route=\/wp\/v2\/pages\/522","targetHints":{"allow":["GET"]}}],"collection":[{"href":"https:\/\/cosmos-culture-ecologie.com\/index.php?rest_route=\/wp\/v2\/pages"}],"about":[{"href":"https:\/\/cosmos-culture-ecologie.com\/index.php?rest_route=\/wp\/v2\/types\/page"}],"author":[{"embeddable":true,"href":"https:\/\/cosmos-culture-ecologie.com\/index.php?rest_route=\/wp\/v2\/users\/1"}],"replies":[{"embeddable":true,"href":"https:\/\/cosmos-culture-ecologie.com\/index.php?rest_route=%2Fwp%2Fv2%2Fcomments&post=522"}],"version-history":[{"count":23,"href":"https:\/\/cosmos-culture-ecologie.com\/index.php?rest_route=\/wp\/v2\/pages\/522\/revisions"}],"predecessor-version":[{"id":2203,"href":"https:\/\/cosmos-culture-ecologie.com\/index.php?rest_route=\/wp\/v2\/pages\/522\/revisions\/2203"}],"wp:attachment":[{"href":"https:\/\/cosmos-culture-ecologie.com\/index.php?rest_route=%2Fwp%2Fv2%2Fmedia&parent=522"}],"curies":[{"name":"wp","href":"https:\/\/api.w.org\/{rel}","templated":true}]}}

<div class="wp-block-media-text alignwide is-stacked-on-mobile" style="grid-template-columns:34% auto"><figure class="wp-block-media-text__media"><img loading="lazy" decoding="async" width="1024" height="724" src="https://cosmos-culture-ecologie.com/wp-content/uploads/2020/02/cosmos-web-1024x724.jpg" alt="" class="wp-image-11 size-full" srcset="https://cosmos-culture-ecologie.com/wp-content/uploads/2020/02/cosmos-web-1024x724.jpg 1024w, https://cosmos-culture-ecologie.com/wp-content/uploads/2020/02/cosmos-web-300x212.jpg 300w, https://cosmos-culture-ecologie.com/wp-content/uploads/2020/02/cosmos-web-768x543.jpg 768w, https://cosmos-culture-ecologie.com/wp-content/uploads/2020/02/cosmos-web-1568x1109.jpg 1568w" sizes="auto, (max-width: 709px) 85vw, (max-width: 909px) 67vw, (max-width: 1362px) 62vw, 840px" /></figure><div class="wp-block-media-text__content">
<p><strong>Pauline De Boever&nbsp;</strong></p>



<p class="has-small-font-size">Cofondatrice et chargée des projets de Cosmos, formée à l’agriculture biologique, à la permaculture, aux semences, aux forêts-jardins, au théâtre et au chant, elle mêle dans Cosmos &#8211; culture et écologie ses passions et ses engagements pour l’écologie et la culture sous toutes leurs formes. Elle travaille depuis près de vingt ans dans le domaine culturel et cinématographique. Elle a notamment oeuvré onze ans à la programmation de l’Institut Lumière, à ses collections, et pour le festival Lumière. Elle a notamment fait entrer l’écologie rue du Premier-Film avec les séances Terre !</p>
</div></div>



<div class="wp-block-media-text alignwide is-stacked-on-mobile" style="grid-template-columns:34% auto"><figure class="wp-block-media-text__media"><img loading="lazy" decoding="async" width="1024" height="768" src="https://cosmos-culture-ecologie.com/wp-content/uploads/2022/11/20200901_180351-1024x768.jpg" alt="" class="wp-image-2125 size-full" srcset="https://cosmos-culture-ecologie.com/wp-content/uploads/2022/11/20200901_180351-1024x768.jpg 1024w, https://cosmos-culture-ecologie.com/wp-content/uploads/2022/11/20200901_180351-300x225.jpg 300w, https://cosmos-culture-ecologie.com/wp-content/uploads/2022/11/20200901_180351-768x576.jpg 768w, https://cosmos-culture-ecologie.com/wp-content/uploads/2022/11/20200901_180351-1536x1152.jpg 1536w, https://cosmos-culture-ecologie.com/wp-content/uploads/2022/11/20200901_180351-2048x1536.jpg 2048w, https://cosmos-culture-ecologie.com/wp-content/uploads/2022/11/20200901_180351-1200x900.jpg 1200w" sizes="auto, (max-width: 709px) 85vw, (max-width: 909px) 67vw, (max-width: 1362px) 62vw, 840px" /></figure><div class="wp-block-media-text__content">
<p style="font-size:15px"><strong>Céline Rodriguez </strong></p>



<p class="has-small-font-size">Céline Rodriguez et A Fleur de scène accompagnent Cosmos sur les questions administratives. </p>
</div></div>



<div class="wp-block-media-text alignwide is-stacked-on-mobile" style="grid-template-columns:34% auto"><figure class="wp-block-media-text__media"><img loading="lazy" decoding="async" width="1024" height="744" src="https://cosmos-culture-ecologie.com/wp-content/uploads/2020/02/vertrose-1024x744.jpg" alt="" class="wp-image-91 size-full" srcset="https://cosmos-culture-ecologie.com/wp-content/uploads/2020/02/vertrose-1024x744.jpg 1024w, https://cosmos-culture-ecologie.com/wp-content/uploads/2020/02/vertrose-300x218.jpg 300w, https://cosmos-culture-ecologie.com/wp-content/uploads/2020/02/vertrose-768x558.jpg 768w, https://cosmos-culture-ecologie.com/wp-content/uploads/2020/02/vertrose-1536x1116.jpg 1536w, https://cosmos-culture-ecologie.com/wp-content/uploads/2020/02/vertrose-2048x1488.jpg 2048w, https://cosmos-culture-ecologie.com/wp-content/uploads/2020/02/vertrose-1200x872.jpg 1200w" sizes="auto, (max-width: 709px) 85vw, (max-width: 909px) 67vw, (max-width: 1362px) 62vw, 840px" /></figure><div class="wp-block-media-text__content">
<p><strong><a href="https://vimeo.com/auriculaire">Thibault Louis&nbsp;</a></strong></p>



<p class="has-small-font-size">Cofondateur de Cosmos &#8211; culture et écologie, Thibault Louis est monteur cinéma (notamment de <em>L’Eveil de la permaculture</em> d&rsquo;Adrien Bellay). Cinéphile, musicien, et passionné par l’écologie, il a signé deux bandes annonces pour les Rendez-vous Cosmos. </p>
</div></div>



<div class="wp-block-media-text alignwide is-stacked-on-mobile" style="grid-template-columns:34% auto"><figure class="wp-block-media-text__media"><img loading="lazy" decoding="async" width="960" height="960" src="https://cosmos-culture-ecologie.com/wp-content/uploads/2020/02/86794885_10155890960872706_9117097984557842432_o-1.jpg" alt="" class="wp-image-257 size-full" srcset="https://cosmos-culture-ecologie.com/wp-content/uploads/2020/02/86794885_10155890960872706_9117097984557842432_o-1.jpg 960w, https://cosmos-culture-ecologie.com/wp-content/uploads/2020/02/86794885_10155890960872706_9117097984557842432_o-1-300x300.jpg 300w, https://cosmos-culture-ecologie.com/wp-content/uploads/2020/02/86794885_10155890960872706_9117097984557842432_o-1-150x150.jpg 150w, https://cosmos-culture-ecologie.com/wp-content/uploads/2020/02/86794885_10155890960872706_9117097984557842432_o-1-768x768.jpg 768w" sizes="auto, (max-width: 709px) 85vw, (max-width: 909px) 67vw, (max-width: 1362px) 62vw, 840px" /></figure><div class="wp-block-media-text__content">
<p><strong><a href="http://phileasdogcorporation.com/">Phileas Dog&nbsp;</a></strong></p>



<p class="has-small-font-size">Illustratrice et graphiste, elle a signé le logo et l’illustration de Cosmos &#8211; culture et écologie, un champ plein d’herbes folles et de vie, de couleurs, de fleurs et d’insectes. Artiste talentueuse et sensible, artisane experte, elle a également créé une très belle sérigraphie pour Cosmos, à retrouver <a href="https://cosmos-culture-ecologie.com/?page_id=232">ici</a>. </p>
</div></div>



<p style="font-size:14px"><strong>Le bureau de Cosmos &#8211; culture et écologie est composé de Cécile Chemarin (Présidente), de Thibault Louis (Secrétaire) et de Sandra Duclaux (Trésorière). </strong></p>



<p style="font-size:14px">Elles et ils sont également à nos côtés ou l&rsquo;ont été, merci à elles et eux : <a href="https://fannyvandecandelaere.com/">Fanny Vandecandelaere</a> (photographe et vidéaste), <a href="https://blandinesoulage.com/">Blandine Soulage</a> (photographe), <a href="https://www.coraliecastillo.com/">Coralie De Boever </a>(photographe), <a href="http://www.soniaringoot.com/">Sonia Ringoot</a> (réalisatrice film et radio), Sylvia da Rocha&#8230; </p>



<p style="font-size:14px">Cosmos &#8211; culture et écologie est par ailleurs soutenue par l’accompagnement et l’engagement d’une dizaine de personnes issues des milieux de l’écologie, de la culture, du cinéma, de l’audiovisuel, de l&rsquo;accompagnement professionnel, de la solidarité, et du social, étudiantes engagées, toutes et tous mobilisés par ces enjeux &#8211; réalisateur, monitrice-éducatrice, éditrice, coach professionnelle, documentariste radio et vidéo, militant écologiste, membres d’institutions clés du cinéma&#8230; &#8211; et qui participent chacun à la réalisation de ces projets. </p>



<div class="wp-block-image"><figure class="aligncenter is-resized"><img loading="lazy" decoding="async" src="https://cosmos-culture-ecologie.com/wp-content/uploads/2020/02/DOU4241-1024x683.jpg" alt="" class="wp-image-542" width="394" height="262" srcset="https://cosmos-culture-ecologie.com/wp-content/uploads/2020/02/DOU4241-1024x683.jpg 1024w, https://cosmos-culture-ecologie.com/wp-content/uploads/2020/02/DOU4241-300x200.jpg 300w, https://cosmos-culture-ecologie.com/wp-content/uploads/2020/02/DOU4241-768x512.jpg 768w, https://cosmos-culture-ecologie.com/wp-content/uploads/2020/02/DOU4241-1200x800.jpg 1200w, https://cosmos-culture-ecologie.com/wp-content/uploads/2020/02/DOU4241.jpg 1500w" sizes="auto, (max-width: 394px) 85vw, 394px" /><figcaption>© Blandine Soulage</figcaption></figure></div>

<p>Pauline De Boever&nbsp; Cofondatrice et chargée des projets de Cosmos, formée à l’agriculture biologique, à la permaculture, aux semences, aux forêts-jardins, au théâtre et au chant, elle mêle dans Cosmos &#8211; culture et écologie ses passions et ses engagements pour l’écologie et la culture sous toutes leurs formes. Elle travaille depuis près de vingt ans &hellip; <a href="https://cosmos-culture-ecologie.com/?page_id=522" class="more-link">Continuer la lecture<span class="screen-reader-text"> de &laquo;&nbsp;Equipe et collaborateur.ices de Cosmos&nbsp;&raquo;</span></a></p>
