{"id":4142,"date":"2026-08-31T13:04:41","date_gmt":"2026-08-31T11:04:41","guid":{"rendered":"https:\/\/cosmos-culture-ecologie.com\/?page_id=4142"},"modified":"2026-08-31T13:08:56","modified_gmt":"2026-08-31T11:08:56","slug":"microcosmos-le-peuple-de-lherbe","status":"publish","type":"page","link":"https:\/\/cosmos-culture-ecologie.com\/?page_id=4142","title":{"rendered":"Microcosmos, le peuple de l&rsquo;herbe"},"content":{"rendered":"\n<p><\/p>\n\n\n\n<p style=\"font-size:15px\"><strong>Mercredi 14 octobre \u00e0 15h30 \u00e0 la Biblioth\u00e8que du 7e Gerland Hannah Arendt <\/strong><\/p>\n\n\n\n<p><strong><em>Microcosmos, le peuple de l&rsquo;herbe <\/em><\/strong>de Claude Nurisdany et Marie P\u00e9rennou (Fr, 1996, 1h20, coul, d\u00e8s 6-7 ans)<\/p>\n\n\n\n<p class=\"has-small-font-size\">Une plong\u00e9e vertigineuse, dr\u00f4le, \u00e9mouvante et pleine d\u2019\u00e9merveillement, au coeur de la vie \u00e0 l\u2019\u00e9chelle du centim\u00e8tre, au royaume des insectes et des pollinisateurs\u2026<\/p>\n\n\n\n<p class=\"has-small-font-size\">Produit par le r\u00e9alisateur, acteur et producteur Jacques Perrin (tr\u00e8s engag\u00e9 et visionnaire concernant l\u2019\u00e9cologie au cin\u00e9ma, avec des films comme <em>Oc\u00e9ans <\/em>ou<em> Le Peuple migrateur)<\/em>, le documentaire aussi merveilleux qu\u2019inou\u00ef repr\u00e9sente \u00e0 sa sortie une prouesse technique sid\u00e9rante. Il rencontrera un immense succ\u00e8s en salles (3 millions de spectateurs !), et remportera de nombreuses r\u00e9compenses. Nous sommes tr\u00e8s heureux de faire d\u00e9couvrir et red\u00e9couvrir ce film sur grand \u00e9cran, tant il est une oeuvre formidable pour \u00e9voquer la biodiversit\u00e9, les insectes et les pollinisateurs. <\/p>\n\n\n\n<p class=\"has-small-font-size\">Avec : la Coccinelle \u00e0 sept points, le Papillon Machaon, la Chenille arpenteuse, l\u2019Abeille butinant la fleur de sauge, la Chenille de la Grande Queue Fourchue, les Escargots de Bourgogne\u2026<\/p>\n\n\n\n<p class=\"has-text-align-center\" style=\"font-size:15px\"><strong>S\u00e9ance suivie d\u2019une rencontre autour des insectes avec Arthropologia, dans le patio de la biblioth\u00e8que<\/strong><\/p>\n\n\n\n<p class=\"has-small-font-size\"><strong>Entr\u00e9e libre<\/strong><\/p>\n\n\n\n<p class=\"has-small-font-size\">Acc\u00e8s : <a href=\"https:\/\/www.google.com\/maps\/place\/\/data=!4m2!3m1!1s0x47f4ea29aaaaaaab:0x4e73e531c306af0a?sa=X&amp;ved=1t:8290&amp;ictx=111\">34 Rue Jacques Monod, 69007 Lyon<\/a> M\u00e9tro Debourg <\/p>\n\n\n\n<p><\/p>\n\n\n\n<figure class=\"wp-block-image\"><img loading=\"lazy\" decoding=\"async\" width=\"310\" height=\"420\" src=\"https:\/\/cosmos-culture-ecologie.com\/wp-content\/uploads\/2023\/07\/Affiche-microcosmos.jpeg\" alt=\"\" class=\"wp-image-2513\" srcset=\"https:\/\/cosmos-culture-ecologie.com\/wp-content\/uploads\/2023\/07\/Affiche-microcosmos.jpeg 310w, https:\/\/cosmos-culture-ecologie.com\/wp-content\/uploads\/2023\/07\/Affiche-microcosmos-221x300.jpeg 221w\" sizes=\"auto, (max-width: 310px) 85vw, 310px\" \/><\/figure>\n","protected":false},"excerpt":{"rendered":"<p>Mercredi 14 octobre \u00e0 15h30 \u00e0 la Biblioth\u00e8que du 7e Gerland Hannah Arendt Microcosmos, le peuple de l&rsquo;herbe de Claude Nurisdany et Marie P\u00e9rennou (Fr, 1996, 1h20, coul, d\u00e8s 6-7 ans) Une plong\u00e9e vertigineuse, dr\u00f4le, \u00e9mouvante et pleine d\u2019\u00e9merveillement, au coeur de la vie \u00e0 l\u2019\u00e9chelle du centim\u00e8tre, au royaume des insectes et des pollinisateurs\u2026 &hellip; <a href=\"https:\/\/cosmos-culture-ecologie.com\/?page_id=4142\" class=\"more-link\">Continuer la lecture<span class=\"screen-reader-text\"> de &laquo;&nbsp;Microcosmos, le peuple de l&rsquo;herbe&nbsp;&raquo;<\/span><\/a><\/p>\n","protected":false},"author":1,"featured_media":0,"parent":0,"menu_order":0,"comment_status":"closed","ping_status":"closed","template":"","meta":{"footnotes":""},"class_list":["post-4142","page","type-page","status-publish","hentry"],"_links":{"self":[{"href":"https:\/\/cosmos-culture-ecologie.com\/index.php?rest_route=\/wp\/v2\/pages\/4142","targetHints":{"allow":["GET"]}}],"collection":[{"href":"https:\/\/cosmos-culture-ecologie.com\/index.php?rest_route=\/wp\/v2\/pages"}],"about":[{"href":"https:\/\/cosmos-culture-ecologie.com\/index.php?rest_route=\/wp\/v2\/types\/page"}],"author":[{"embeddable":true,"href":"https:\/\/cosmos-culture-ecologie.com\/index.php?rest_route=\/wp\/v2\/users\/1"}],"replies":[{"embeddable":true,"href":"https:\/\/cosmos-culture-ecologie.com\/index.php?rest_route=%2Fwp%2Fv2%2Fcomments&post=4142"}],"version-history":[{"count":4,"href":"https:\/\/cosmos-culture-ecologie.com\/index.php?rest_route=\/wp\/v2\/pages\/4142\/revisions"}],"predecessor-version":[{"id":4150,"href":"https:\/\/cosmos-culture-ecologie.com\/index.php?rest_route=\/wp\/v2\/pages\/4142\/revisions\/4150"}],"wp:attachment":[{"href":"https:\/\/cosmos-culture-ecologie.com\/index.php?rest_route=%2Fwp%2Fv2%2Fmedia&parent=4142"}],"curies":[{"name":"wp","href":"https:\/\/api.w.org\/{rel}","templated":true}]}}

<p></p>



<p style="font-size:15px"><strong>Mercredi 14 octobre à 15h30 à la Bibliothèque du 7e Gerland Hannah Arendt </strong></p>



<p><strong><em>Microcosmos, le peuple de l&rsquo;herbe </em></strong>de Claude Nurisdany et Marie Pérennou (Fr, 1996, 1h20, coul, dès 6-7 ans)</p>



<p class="has-small-font-size">Une plongée vertigineuse, drôle, émouvante et pleine d’émerveillement, au coeur de la vie à l’échelle du centimètre, au royaume des insectes et des pollinisateurs…</p>



<p class="has-small-font-size">Produit par le réalisateur, acteur et producteur Jacques Perrin (très engagé et visionnaire concernant l’écologie au cinéma, avec des films comme <em>Océans </em>ou<em> Le Peuple migrateur)</em>, le documentaire aussi merveilleux qu’inouï représente à sa sortie une prouesse technique sidérante. Il rencontrera un immense succès en salles (3 millions de spectateurs !), et remportera de nombreuses récompenses. Nous sommes très heureux de faire découvrir et redécouvrir ce film sur grand écran, tant il est une oeuvre formidable pour évoquer la biodiversité, les insectes et les pollinisateurs. </p>



<p class="has-small-font-size">Avec : la Coccinelle à sept points, le Papillon Machaon, la Chenille arpenteuse, l’Abeille butinant la fleur de sauge, la Chenille de la Grande Queue Fourchue, les Escargots de Bourgogne…</p>



<p class="has-text-align-center" style="font-size:15px"><strong>Séance suivie d’une rencontre autour des insectes avec Arthropologia, dans le patio de la bibliothèque</strong></p>



<p class="has-small-font-size"><strong>Entrée libre</strong></p>



<p class="has-small-font-size">Accès : <a href="https://www.google.com/maps/place//data=!4m2!3m1!1s0x47f4ea29aaaaaaab:0x4e73e531c306af0a?sa=X&amp;ved=1t:8290&amp;ictx=111">34 Rue Jacques Monod, 69007 Lyon</a> Métro Debourg </p>



<p></p>



<figure class="wp-block-image"><img loading="lazy" decoding="async" width="310" height="420" src="https://cosmos-culture-ecologie.com/wp-content/uploads/2023/07/Affiche-microcosmos.jpeg" alt="" class="wp-image-2513" srcset="https://cosmos-culture-ecologie.com/wp-content/uploads/2023/07/Affiche-microcosmos.jpeg 310w, https://cosmos-culture-ecologie.com/wp-content/uploads/2023/07/Affiche-microcosmos-221x300.jpeg 221w" sizes="auto, (max-width: 310px) 85vw, 310px" /></figure>

<p>Mercredi 14 octobre à 15h30 à la Bibliothèque du 7e Gerland Hannah Arendt Microcosmos, le peuple de l&rsquo;herbe de Claude Nurisdany et Marie Pérennou (Fr, 1996, 1h20, coul, dès 6-7 ans) Une plongée vertigineuse, drôle, émouvante et pleine d’émerveillement, au coeur de la vie à l’échelle du centimètre, au royaume des insectes et des pollinisateurs… &hellip; <a href="https://cosmos-culture-ecologie.com/?page_id=4142" class="more-link">Continuer la lecture<span class="screen-reader-text"> de &laquo;&nbsp;Microcosmos, le peuple de l&rsquo;herbe&nbsp;&raquo;</span></a></p>
