{"id":4120,"date":"2026-08-31T09:38:36","date_gmt":"2026-08-31T07:38:36","guid":{"rendered":"https:\/\/cosmos-culture-ecologie.com\/?page_id=4120"},"modified":"2026-08-31T10:15:48","modified_gmt":"2026-08-31T08:15:48","slug":"prochaines-dates-de-cosmologies","status":"publish","type":"page","link":"https:\/\/cosmos-culture-ecologie.com\/?page_id=4120","title":{"rendered":"Prochaines dates de Cosmologies"},"content":{"rendered":"\n<p><\/p>\n\n\n\n<p style=\"font-size:15px\"><strong>Jeudi 24 septembre \u00e0 partir de 17h30 au Jardin Gilibert (M\u00e9tro Perrache), avec la MJC Confluence <\/strong><\/p>\n\n\n\n<p class=\"has-small-font-size\"><strong>A 17h30 : <\/strong>accueil autour d\u2019un verre, distribution des programmes, pr\u00e9sentation de la programmation.<\/p>\n\n\n\n<p class=\"has-small-font-size\"><strong>A 18h30 Cosmologies \u2013 chanson et po\u00e9sie autour du vivant par Pauline De Boever<\/strong> suivi de <strong>Algam<\/strong>, duo folk f\u00e9minin. <\/p>\n\n\n\n<p class=\"has-small-font-size\"><strong>Entr\u00e9e \u00e0 prix libre, sur inscription <a href=\"https:\/\/www.helloasso.com\/associations\/cosmos-culture-et-ecologie\/evenements\/soiree-de-rentree-de-cosmos-cosmologies-et-algam-en-co-plateau\" target=\"_blank\" rel=\"noreferrer noopener\">ici<\/a>.<\/strong> Toutes les informations <a href=\"https:\/\/cosmos-culture-ecologie.com\/?page_id=4090\" target=\"_blank\" rel=\"noreferrer noopener\">ici<\/a>.<\/p>\n\n\n\n<p class=\"has-small-font-size\">Jardin Gilibert, 9 rue Gilibert, Lyon 2, proche de la station Perrache et du Tram Place des Archives.<\/p>\n\n\n\n<hr class=\"wp-block-separator aligncenter has-alpha-channel-opacity\"\/>\n\n\n\n<p><\/p>\n\n\n\n<p style=\"font-size:15px\"><strong>Samedi 7 novembre \u00e0 20h \u00e0 la M\u00e9diane (Lyon 3, M\u00e9tro Saxe-Gambetta)<\/strong><\/p>\n\n\n\n<p class=\"has-small-font-size\"><em><strong>Cosmologies \u2013 chansons et textes autour du vivant <\/strong><\/em>par Pauline De Boever suivi de <strong>Algam<\/strong><\/p>\n\n\n\n<p class=\"has-small-font-size\"><strong>Entr\u00e9e \u00e0 prix libre, sur inscription <a href=\"https:\/\/www.helloasso.com\/associations\/cosmos-culture-et-ecologie\/evenements\/concerts-a-la-mediane-cosmologies-et-algam-en-co-plateau\" target=\"_blank\" rel=\"noreferrer noopener\">ici<\/a>.<\/strong><\/p>\n\n\n\n<p class=\"has-small-font-size\">La M\u00e9diane, tiers-lieu f\u00e9ministe, \u00e0 quelques minutes du M\u00e9tro Saxe-Gambetta, au <a href=\"https:\/\/www.google.com\/maps\/place\/\/data=!4m2!3m1!1s0x47f4ebcf4796db03:0xdc35d2292ac4b93f?sa=X&amp;ved=1t:8290&amp;ictx=111\" target=\"_blank\" rel=\"noreferrer noopener\">255 Rue de Cr\u00e9qui, 69003 Lyon<\/a>. D\u00e9couvrir <a href=\"https:\/\/www.la-mediane.fr\/\" target=\"_blank\" rel=\"noreferrer noopener\">La M\u00e9diane<\/a>.<\/p>\n\n\n\n<p><\/p>\n\n\n\n<hr class=\"wp-block-separator aligncenter has-alpha-channel-opacity\"\/>\n\n\n\n<p class=\"has-small-font-size\"><\/p>\n\n\n\n<p style=\"font-size:15px\"><strong>Jeudi 26 novembre \u00e0 19h au Faitout \u00e0 La Mulati\u00e8re (M\u00e9tro B Gare d\u2019Oullins) <\/strong><\/p>\n\n\n\n<p class=\"has-small-font-size\"><em><strong>Cosmologies \u2013 chansons et textes autour du vivant <\/strong><\/em>par Pauline De Boever<\/p>\n\n\n\n<p class=\"has-small-font-size\">Inscription \u00e0 prix libre d\u00e8s 0\u20ac <a href=\"https:\/\/www.helloasso.com\/associations\/cosmos-culture-et-ecologie\/evenements\/cosmologies-au-faitout-a-la-mulatiere\" target=\"_blank\" rel=\"noreferrer noopener\">ici<\/a>.<\/p>\n\n\n\n<p class=\"has-small-font-size\">Possibilit\u00e9 de d\u00eener ensuite au Faitout et de go\u00fbter les plats v\u00e9g\u00e9tariens pr\u00e9par\u00e9s par la cheffe indienne Ash, en r\u00e9sidence au Faitout \u00e0 cette p\u00e9riode. R\u00e9servation recommand\u00e9e aupr\u00e8s du Faitout (06.95.90.74.80).<\/p>\n\n\n\n<p class=\"has-small-font-size\">Le Faitout, tiers-lieu gourmand, inclusif et engag\u00e9, \u00e0 quelques minutes du M\u00e9tro Gare d&rsquo;Oullins, <a href=\"https:\/\/www.google.com\/maps\/place\/\/data=!4m2!3m1!1s0x47f4e9d2e5fe02cf:0x66ab17e0500e774f?sa=X&amp;ved=1t:8290&amp;ictx=111\" target=\"_blank\" rel=\"noreferrer noopener\">12 Rue Gabriel P\u00e9ri, 69350 La Mulati\u00e8re<\/a>. D\u00e9couvrir le <a href=\"https:\/\/lefaitout.org\/\" target=\"_blank\" rel=\"noreferrer noopener\">Faitout<\/a>.<\/p>\n\n\n\n<p><\/p>\n\n\n\n<hr class=\"wp-block-separator aligncenter has-alpha-channel-opacity\"\/>\n\n\n\n<p><\/p>\n\n\n\n<div class=\"wp-block-media-text is-stacked-on-mobile\" style=\"grid-template-columns:25% auto\"><figure class=\"wp-block-media-text__media\"><img loading=\"lazy\" decoding=\"async\" width=\"683\" height=\"1024\" src=\"https:\/\/cosmos-culture-ecologie.com\/wp-content\/uploads\/2025\/10\/202507-PaulineDeBoever-web\u00a9FannyVandecandelaere-1-683x1024.jpg\" alt=\"\" class=\"wp-image-3566 size-full\" srcset=\"https:\/\/cosmos-culture-ecologie.com\/wp-content\/uploads\/2025\/10\/202507-PaulineDeBoever-web\u00a9FannyVandecandelaere-1-683x1024.jpg 683w, https:\/\/cosmos-culture-ecologie.com\/wp-content\/uploads\/2025\/10\/202507-PaulineDeBoever-web\u00a9FannyVandecandelaere-1-200x300.jpg 200w, https:\/\/cosmos-culture-ecologie.com\/wp-content\/uploads\/2025\/10\/202507-PaulineDeBoever-web\u00a9FannyVandecandelaere-1-768x1152.jpg 768w, https:\/\/cosmos-culture-ecologie.com\/wp-content\/uploads\/2025\/10\/202507-PaulineDeBoever-web\u00a9FannyVandecandelaere-1.jpg 800w\" sizes=\"auto, (max-width: 683px) 85vw, 683px\" \/><\/figure><div class=\"wp-block-media-text__content\">\n<p style=\"font-size:15px\"><strong>Cosmologies \u2013 chansons et textes autour du vivant par Pauline De Boever<\/strong><\/p>\n\n\n\n<p style=\"font-size:12px\">Une cr\u00e9ation musicale \u00e0 la crois\u00e9e de la chanson, de la po\u00e9sie et du th\u00e9\u00e2tre,&nbsp;port\u00e9e par Cosmos \u2013 culture et \u00e9cologie.<\/p>\n\n\n\n<p class=\"has-small-font-size\">Une homo sapiens \u00e0 son piano questionne notre place dans le cosmos, sonde le myst\u00e8re de l\u2019aventure terrestre\u2026 <\/p>\n\n\n\n<p class=\"has-small-font-size\">Dans ses chansons et ses textes, Pauline distille son attention \u00e0 la vie et son \u00e9merveillement pour le vivant, interroge notre place dans le cosmos, notre lien d\u2019animal aux autres animaux. On y retrouve aussi d\u2019autres voix \u2013 celles de po\u00e9tesses, d\u2019un oc\u00e9anographe, d&rsquo;animaux et de v\u00e9g\u00e9taux\u2026<\/p>\n\n\n\n<p style=\"font-size:10px\">\u00a9 Fanny Vandecandelaere<\/p>\n<\/div><\/div>\n\n\n\n<div class=\"wp-block-media-text is-stacked-on-mobile\" style=\"grid-template-columns:25% auto\"><figure class=\"wp-block-media-text__media\"><img loading=\"lazy\" decoding=\"async\" width=\"567\" height=\"426\" src=\"https:\/\/cosmos-culture-ecologie.com\/wp-content\/uploads\/2026\/05\/IMG_2167-1.jpg\" alt=\"\" class=\"wp-image-3937 size-full\" srcset=\"https:\/\/cosmos-culture-ecologie.com\/wp-content\/uploads\/2026\/05\/IMG_2167-1.jpg 567w, https:\/\/cosmos-culture-ecologie.com\/wp-content\/uploads\/2026\/05\/IMG_2167-1-300x225.jpg 300w\" sizes=\"auto, (max-width: 567px) 85vw, 567px\" \/><\/figure><div class=\"wp-block-media-text__content\">\n<p style=\"font-size:15px\"><strong>Algam<\/strong> <\/p>\n\n\n\n<p class=\"has-small-font-size\">Deux voix se m\u00ealent au son de deux guitares. Debout sur sc\u00e8ne, le duo chanson-folk Algam tisse \u00e0 coup de chansons des histoires v\u00e9cues comme emprunt\u00e9es. Port\u00e9es par la po\u00e9sie et la polyphonie, elles se situent entre la chanson de Pomme, le folk de Sufjan Stevens et les chants de sir\u00e8nes.<\/p>\n\n\n\n<p class=\"has-small-font-size\">Un duo chanson folk f\u00e9minin lyonnais aux racines bretonnes, solaire et magn\u00e9tique, oc\u00e9anique et po\u00e9tique. Un coup de coeur! Vous pouvez \u00e9couter leur chanson <em><a href=\"https:\/\/www.youtube.com\/watch?v=5qAMNk0y-1o\">Verre vide <\/a><\/em>et <a href=\"https:\/\/www.instagram.com\/algamalgame\/\">suivre ici<\/a> leurs projets.<\/p>\n\n\n\n<p style=\"font-size:13px\">Le duo folk Algam sera en co-plateau avec Cosmologies au Jardin Gilibert et \u00e0 La M\u00e9diane.<\/p>\n\n\n\n<p><\/p>\n<\/div><\/div>\n\n\n\n<figure class=\"wp-block-gallery has-nested-images columns-default is-cropped wp-block-gallery-1 is-layout-flex wp-block-gallery-is-layout-flex\">\n<figure class=\"wp-block-image size-large\"><img loading=\"lazy\" decoding=\"async\" width=\"1170\" height=\"1654\" data-id=\"3823\" src=\"https:\/\/cosmos-culture-ecologie.com\/wp-content\/uploads\/2026\/03\/4-724x1024.png\" alt=\"\" class=\"wp-image-3823\" srcset=\"https:\/\/cosmos-culture-ecologie.com\/wp-content\/uploads\/2026\/03\/4-724x1024.png 724w, https:\/\/cosmos-culture-ecologie.com\/wp-content\/uploads\/2026\/03\/4-212x300.png 212w, https:\/\/cosmos-culture-ecologie.com\/wp-content\/uploads\/2026\/03\/4-768x1086.png 768w, https:\/\/cosmos-culture-ecologie.com\/wp-content\/uploads\/2026\/03\/4-1087x1536.png 1087w, https:\/\/cosmos-culture-ecologie.com\/wp-content\/uploads\/2026\/03\/4.png 1170w\" sizes=\"auto, (max-width: 709px) 85vw, (max-width: 909px) 67vw, (max-width: 1362px) 62vw, 840px\" \/><\/figure>\n\n\n\n<figure class=\"wp-block-image size-large\"><img loading=\"lazy\" decoding=\"async\" width=\"726\" height=\"1024\" data-id=\"3824\" src=\"https:\/\/cosmos-culture-ecologie.com\/wp-content\/uploads\/2026\/03\/3-726x1024.png\" alt=\"\" class=\"wp-image-3824\" srcset=\"https:\/\/cosmos-culture-ecologie.com\/wp-content\/uploads\/2026\/03\/3-726x1024.png 726w, https:\/\/cosmos-culture-ecologie.com\/wp-content\/uploads\/2026\/03\/3-213x300.png 213w, https:\/\/cosmos-culture-ecologie.com\/wp-content\/uploads\/2026\/03\/3-768x1084.png 768w, https:\/\/cosmos-culture-ecologie.com\/wp-content\/uploads\/2026\/03\/3-1088x1536.png 1088w, https:\/\/cosmos-culture-ecologie.com\/wp-content\/uploads\/2026\/03\/3.png 1172w\" sizes=\"auto, (max-width: 726px) 85vw, 726px\" \/><\/figure>\n\n\n\n<figure class=\"wp-block-image size-large\"><img loading=\"lazy\" decoding=\"async\" width=\"724\" height=\"1024\" data-id=\"3822\" src=\"https:\/\/cosmos-culture-ecologie.com\/wp-content\/uploads\/2026\/03\/1-724x1024.png\" alt=\"\" class=\"wp-image-3822\" srcset=\"https:\/\/cosmos-culture-ecologie.com\/wp-content\/uploads\/2026\/03\/1-724x1024.png 724w, https:\/\/cosmos-culture-ecologie.com\/wp-content\/uploads\/2026\/03\/1-212x300.png 212w, https:\/\/cosmos-culture-ecologie.com\/wp-content\/uploads\/2026\/03\/1-768x1086.png 768w, https:\/\/cosmos-culture-ecologie.com\/wp-content\/uploads\/2026\/03\/1-1086x1536.png 1086w, https:\/\/cosmos-culture-ecologie.com\/wp-content\/uploads\/2026\/03\/1.png 1168w\" sizes=\"auto, (max-width: 724px) 85vw, 724px\" \/><\/figure>\n<\/figure>\n\n\n\n<p style=\"font-size:10px\">\u00a9 Phileas Dog pour Cosmos &#8211; culture et \u00e9cologie<\/p>\n","protected":false},"excerpt":{"rendered":"<p>Jeudi 24 septembre \u00e0 partir de 17h30 au Jardin Gilibert (M\u00e9tro Perrache), avec la MJC Confluence A 17h30 : accueil autour d\u2019un verre, distribution des programmes, pr\u00e9sentation de la programmation. A 18h30 Cosmologies \u2013 chanson et po\u00e9sie autour du vivant par Pauline De Boever suivi de Algam, duo folk f\u00e9minin. Entr\u00e9e \u00e0 prix libre, sur &hellip; <a href=\"https:\/\/cosmos-culture-ecologie.com\/?page_id=4120\" class=\"more-link\">Continuer la lecture<span class=\"screen-reader-text\"> de &laquo;&nbsp;Prochaines dates de Cosmologies&nbsp;&raquo;<\/span><\/a><\/p>\n","protected":false},"author":1,"featured_media":0,"parent":0,"menu_order":0,"comment_status":"closed","ping_status":"closed","template":"","meta":{"footnotes":""},"class_list":["post-4120","page","type-page","status-publish","hentry"],"_links":{"self":[{"href":"https:\/\/cosmos-culture-ecologie.com\/index.php?rest_route=\/wp\/v2\/pages\/4120","targetHints":{"allow":["GET"]}}],"collection":[{"href":"https:\/\/cosmos-culture-ecologie.com\/index.php?rest_route=\/wp\/v2\/pages"}],"about":[{"href":"https:\/\/cosmos-culture-ecologie.com\/index.php?rest_route=\/wp\/v2\/types\/page"}],"author":[{"embeddable":true,"href":"https:\/\/cosmos-culture-ecologie.com\/index.php?rest_route=\/wp\/v2\/users\/1"}],"replies":[{"embeddable":true,"href":"https:\/\/cosmos-culture-ecologie.com\/index.php?rest_route=%2Fwp%2Fv2%2Fcomments&post=4120"}],"version-history":[{"count":12,"href":"https:\/\/cosmos-culture-ecologie.com\/index.php?rest_route=\/wp\/v2\/pages\/4120\/revisions"}],"predecessor-version":[{"id":4138,"href":"https:\/\/cosmos-culture-ecologie.com\/index.php?rest_route=\/wp\/v2\/pages\/4120\/revisions\/4138"}],"wp:attachment":[{"href":"https:\/\/cosmos-culture-ecologie.com\/index.php?rest_route=%2Fwp%2Fv2%2Fmedia&parent=4120"}],"curies":[{"name":"wp","href":"https:\/\/api.w.org\/{rel}","templated":true}]}}

<p></p>



<p style="font-size:15px"><strong>Jeudi 24 septembre à partir de 17h30 au Jardin Gilibert (Métro Perrache), avec la MJC Confluence </strong></p>



<p class="has-small-font-size"><strong>A 17h30 : </strong>accueil autour d’un verre, distribution des programmes, présentation de la programmation.</p>



<p class="has-small-font-size"><strong>A 18h30 Cosmologies – chanson et poésie autour du vivant par Pauline De Boever</strong> suivi de <strong>Algam</strong>, duo folk féminin. </p>



<p class="has-small-font-size"><strong>Entrée à prix libre, sur inscription <a href="https://www.helloasso.com/associations/cosmos-culture-et-ecologie/evenements/soiree-de-rentree-de-cosmos-cosmologies-et-algam-en-co-plateau" target="_blank" rel="noreferrer noopener">ici</a>.</strong> Toutes les informations <a href="https://cosmos-culture-ecologie.com/?page_id=4090" target="_blank" rel="noreferrer noopener">ici</a>.</p>



<p class="has-small-font-size">Jardin Gilibert, 9 rue Gilibert, Lyon 2, proche de la station Perrache et du Tram Place des Archives.</p>



<hr class="wp-block-separator aligncenter has-alpha-channel-opacity"/>



<p></p>



<p style="font-size:15px"><strong>Samedi 7 novembre à 20h à la Médiane (Lyon 3, Métro Saxe-Gambetta)</strong></p>



<p class="has-small-font-size"><em><strong>Cosmologies – chansons et textes autour du vivant </strong></em>par Pauline De Boever suivi de <strong>Algam</strong></p>



<p class="has-small-font-size"><strong>Entrée à prix libre, sur inscription <a href="https://www.helloasso.com/associations/cosmos-culture-et-ecologie/evenements/concerts-a-la-mediane-cosmologies-et-algam-en-co-plateau" target="_blank" rel="noreferrer noopener">ici</a>.</strong></p>



<p class="has-small-font-size">La Médiane, tiers-lieu féministe, à quelques minutes du Métro Saxe-Gambetta, au <a href="https://www.google.com/maps/place//data=!4m2!3m1!1s0x47f4ebcf4796db03:0xdc35d2292ac4b93f?sa=X&amp;ved=1t:8290&amp;ictx=111" target="_blank" rel="noreferrer noopener">255 Rue de Créqui, 69003 Lyon</a>. Découvrir <a href="https://www.la-mediane.fr/" target="_blank" rel="noreferrer noopener">La Médiane</a>.</p>



<p></p>



<hr class="wp-block-separator aligncenter has-alpha-channel-opacity"/>



<p class="has-small-font-size"></p>



<p style="font-size:15px"><strong>Jeudi 26 novembre à 19h au Faitout à La Mulatière (Métro B Gare d’Oullins) </strong></p>



<p class="has-small-font-size"><em><strong>Cosmologies – chansons et textes autour du vivant </strong></em>par Pauline De Boever</p>



<p class="has-small-font-size">Inscription à prix libre dès 0€ <a href="https://www.helloasso.com/associations/cosmos-culture-et-ecologie/evenements/cosmologies-au-faitout-a-la-mulatiere" target="_blank" rel="noreferrer noopener">ici</a>.</p>



<p class="has-small-font-size">Possibilité de dîner ensuite au Faitout et de goûter les plats végétariens préparés par la cheffe indienne Ash, en résidence au Faitout à cette période. Réservation recommandée auprès du Faitout (06.95.90.74.80).</p>



<p class="has-small-font-size">Le Faitout, tiers-lieu gourmand, inclusif et engagé, à quelques minutes du Métro Gare d&rsquo;Oullins, <a href="https://www.google.com/maps/place//data=!4m2!3m1!1s0x47f4e9d2e5fe02cf:0x66ab17e0500e774f?sa=X&amp;ved=1t:8290&amp;ictx=111" target="_blank" rel="noreferrer noopener">12 Rue Gabriel Péri, 69350 La Mulatière</a>. Découvrir le <a href="https://lefaitout.org/" target="_blank" rel="noreferrer noopener">Faitout</a>.</p>



<p></p>



<hr class="wp-block-separator aligncenter has-alpha-channel-opacity"/>



<p></p>



<div class="wp-block-media-text is-stacked-on-mobile" style="grid-template-columns:25% auto"><figure class="wp-block-media-text__media"><img loading="lazy" decoding="async" width="683" height="1024" src="https://cosmos-culture-ecologie.com/wp-content/uploads/2025/10/202507-PaulineDeBoever-web©FannyVandecandelaere-1-683x1024.jpg" alt="" class="wp-image-3566 size-full" srcset="https://cosmos-culture-ecologie.com/wp-content/uploads/2025/10/202507-PaulineDeBoever-web©FannyVandecandelaere-1-683x1024.jpg 683w, https://cosmos-culture-ecologie.com/wp-content/uploads/2025/10/202507-PaulineDeBoever-web©FannyVandecandelaere-1-200x300.jpg 200w, https://cosmos-culture-ecologie.com/wp-content/uploads/2025/10/202507-PaulineDeBoever-web©FannyVandecandelaere-1-768x1152.jpg 768w, https://cosmos-culture-ecologie.com/wp-content/uploads/2025/10/202507-PaulineDeBoever-web©FannyVandecandelaere-1.jpg 800w" sizes="auto, (max-width: 683px) 85vw, 683px" /></figure><div class="wp-block-media-text__content">
<p style="font-size:15px"><strong>Cosmologies – chansons et textes autour du vivant par Pauline De Boever</strong></p>



<p style="font-size:12px">Une création musicale à la croisée de la chanson, de la poésie et du théâtre,&nbsp;portée par Cosmos – culture et écologie.</p>



<p class="has-small-font-size">Une homo sapiens à son piano questionne notre place dans le cosmos, sonde le mystère de l’aventure terrestre… </p>



<p class="has-small-font-size">Dans ses chansons et ses textes, Pauline distille son attention à la vie et son émerveillement pour le vivant, interroge notre place dans le cosmos, notre lien d’animal aux autres animaux. On y retrouve aussi d’autres voix – celles de poétesses, d’un océanographe, d&rsquo;animaux et de végétaux…</p>



<p style="font-size:10px">© Fanny Vandecandelaere</p>
</div></div>



<div class="wp-block-media-text is-stacked-on-mobile" style="grid-template-columns:25% auto"><figure class="wp-block-media-text__media"><img loading="lazy" decoding="async" width="567" height="426" src="https://cosmos-culture-ecologie.com/wp-content/uploads/2026/05/IMG_2167-1.jpg" alt="" class="wp-image-3937 size-full" srcset="https://cosmos-culture-ecologie.com/wp-content/uploads/2026/05/IMG_2167-1.jpg 567w, https://cosmos-culture-ecologie.com/wp-content/uploads/2026/05/IMG_2167-1-300x225.jpg 300w" sizes="auto, (max-width: 567px) 85vw, 567px" /></figure><div class="wp-block-media-text__content">
<p style="font-size:15px"><strong>Algam</strong> </p>



<p class="has-small-font-size">Deux voix se mêlent au son de deux guitares. Debout sur scène, le duo chanson-folk Algam tisse à coup de chansons des histoires vécues comme empruntées. Portées par la poésie et la polyphonie, elles se situent entre la chanson de Pomme, le folk de Sufjan Stevens et les chants de sirènes.</p>



<p class="has-small-font-size">Un duo chanson folk féminin lyonnais aux racines bretonnes, solaire et magnétique, océanique et poétique. Un coup de coeur! Vous pouvez écouter leur chanson <em><a href="https://www.youtube.com/watch?v=5qAMNk0y-1o">Verre vide </a></em>et <a href="https://www.instagram.com/algamalgame/">suivre ici</a> leurs projets.</p>



<p style="font-size:13px">Le duo folk Algam sera en co-plateau avec Cosmologies au Jardin Gilibert et à La Médiane.</p>



<p></p>
</div></div>



<figure class="wp-block-gallery has-nested-images columns-default is-cropped wp-block-gallery-1 is-layout-flex wp-block-gallery-is-layout-flex">
<figure class="wp-block-image size-large"><img loading="lazy" decoding="async" width="1170" height="1654" data-id="3823" src="https://cosmos-culture-ecologie.com/wp-content/uploads/2026/03/4-724x1024.png" alt="" class="wp-image-3823" srcset="https://cosmos-culture-ecologie.com/wp-content/uploads/2026/03/4-724x1024.png 724w, https://cosmos-culture-ecologie.com/wp-content/uploads/2026/03/4-212x300.png 212w, https://cosmos-culture-ecologie.com/wp-content/uploads/2026/03/4-768x1086.png 768w, https://cosmos-culture-ecologie.com/wp-content/uploads/2026/03/4-1087x1536.png 1087w, https://cosmos-culture-ecologie.com/wp-content/uploads/2026/03/4.png 1170w" sizes="auto, (max-width: 709px) 85vw, (max-width: 909px) 67vw, (max-width: 1362px) 62vw, 840px" /></figure>



<figure class="wp-block-image size-large"><img loading="lazy" decoding="async" width="726" height="1024" data-id="3824" src="https://cosmos-culture-ecologie.com/wp-content/uploads/2026/03/3-726x1024.png" alt="" class="wp-image-3824" srcset="https://cosmos-culture-ecologie.com/wp-content/uploads/2026/03/3-726x1024.png 726w, https://cosmos-culture-ecologie.com/wp-content/uploads/2026/03/3-213x300.png 213w, https://cosmos-culture-ecologie.com/wp-content/uploads/2026/03/3-768x1084.png 768w, https://cosmos-culture-ecologie.com/wp-content/uploads/2026/03/3-1088x1536.png 1088w, https://cosmos-culture-ecologie.com/wp-content/uploads/2026/03/3.png 1172w" sizes="auto, (max-width: 726px) 85vw, 726px" /></figure>



<figure class="wp-block-image size-large"><img loading="lazy" decoding="async" width="724" height="1024" data-id="3822" src="https://cosmos-culture-ecologie.com/wp-content/uploads/2026/03/1-724x1024.png" alt="" class="wp-image-3822" srcset="https://cosmos-culture-ecologie.com/wp-content/uploads/2026/03/1-724x1024.png 724w, https://cosmos-culture-ecologie.com/wp-content/uploads/2026/03/1-212x300.png 212w, https://cosmos-culture-ecologie.com/wp-content/uploads/2026/03/1-768x1086.png 768w, https://cosmos-culture-ecologie.com/wp-content/uploads/2026/03/1-1086x1536.png 1086w, https://cosmos-culture-ecologie.com/wp-content/uploads/2026/03/1.png 1168w" sizes="auto, (max-width: 724px) 85vw, 724px" /></figure>
</figure>



<p style="font-size:10px">© Phileas Dog pour Cosmos &#8211; culture et écologie</p>

<p>Jeudi 24 septembre à partir de 17h30 au Jardin Gilibert (Métro Perrache), avec la MJC Confluence A 17h30 : accueil autour d’un verre, distribution des programmes, présentation de la programmation. A 18h30 Cosmologies – chanson et poésie autour du vivant par Pauline De Boever suivi de Algam, duo folk féminin. Entrée à prix libre, sur &hellip; <a href="https://cosmos-culture-ecologie.com/?page_id=4120" class="more-link">Continuer la lecture<span class="screen-reader-text"> de &laquo;&nbsp;Prochaines dates de Cosmologies&nbsp;&raquo;</span></a></p>
