{"id":3708,"date":"2026-01-15T19:18:00","date_gmt":"2026-01-15T18:18:00","guid":{"rendered":"https:\/\/cosmos-culture-ecologie.com\/?page_id=3708"},"modified":"2026-02-13T17:08:39","modified_gmt":"2026-02-13T16:08:39","slug":"exposition-de-phileas-dog","status":"publish","type":"page","link":"https:\/\/cosmos-culture-ecologie.com\/?page_id=3708","title":{"rendered":"Exposition des illustrations de Phileas Dog"},"content":{"rendered":"\n<p><\/p>\n\n\n\n<p><strong>Exposition des illustrations s\u00e9rigraphi\u00e9es de l\u2019artiste Phileas Dog, cr\u00e9\u00e9es pour Cosmos &#8211; culture et \u00e9cologie<\/strong><\/p>\n\n\n\n<p class=\"has-small-font-size\">Rendez-vous du mardi 10 mars au dimanche 19 avril au Rita Plage, bar-cantine culturelle, pour d\u00e9couvrir le travail de l&rsquo;artiste Phileas Dog. Une exposition pr\u00e9sent\u00e9e en \u00e9cho \u00e0 la repr\u00e9sentation de\u00a0<em>Cosmologies<\/em>\u00a0vendredi 20 mars au Rita-Plage, dans le cadre de la 10e \u00e9dition du Magnifique Printemps, organis\u00e9 par l&rsquo;Espace Pandora.<\/p>\n\n\n\n<p class=\"has-small-font-size\">Phileas Dog accompagne Cosmos &#8211; culture et \u00e9cologie depuis nos d\u00e9buts. Elle a cr\u00e9\u00e9 notre logo, et l&rsquo;ensemble des illustrations pr\u00e9sentes sur notre site internet, ainsi que nos programmes illustr\u00e9s. Nous aimons infiniment son regard sensible et po\u00e9tique sur le monde vivant. <\/p>\n\n\n\n<p class=\"has-small-font-size\">Nous pr\u00e9senterons dans cette exposition les s\u00e9rigraphies qu&rsquo;elle a sp\u00e9cialement cr\u00e9\u00e9es pour Cosmos, issues des dessins r\u00e9alis\u00e9s pour nos programmes :  champ d\u2019herbes folles plein de fleurs et d&rsquo;insectes, nage de requins marteaux, vol de martinets dans le ciel, castors grignotant du bois, tomates au jardin et pois gourmands&#8230; <\/p>\n\n\n\n<p class=\"has-small-font-size\">Les s\u00e9rigraphies pr\u00e9sent\u00e9es sont \u00e9galement disponibles \u00e0 la vente. N&rsquo;h\u00e9sitez pas \u00e0 nous contacter si vous souhaitez en acheter, ou \u00e0 vous rendre sur <a href=\"https:\/\/cosmos-culture-ecologie.com\/?page_id=232\">notre boutique en ligne<\/a>. <\/p>\n\n\n\n<p class=\"has-small-font-size\">Adresse et acc\u00e8s : <strong>RITA-PLAGE<\/strong> &#8211; 68 Cours Tolsto\u00ef &#8211; 69100 Villeurbanne &#8211; Bus&nbsp;<strong>C3<\/strong>&nbsp;\u200b arr\u00eat&nbsp;<strong>\u00ab\u00a0Institut d&rsquo;Art Contemporain\u00a0\u00bb<\/strong><\/p>\n\n\n\n<p class=\"has-small-font-size\">Programmation dans le cadre de la 10\u00e8me \u00e9dition du Festival Magnifique printemps, d\u00e9di\u00e9 \u00e0 la po\u00e9sie et \u00e0 la francophonie, du 7 au 29 mars, organis\u00e9 par l\u2019Espace Pandora. <a href=\"http:\/\/www.magnifiqueprintemps.fr\">www.magnifiqueprintemps.fr<\/a>.&nbsp;<\/p>\n\n\n\n<p class=\"has-small-font-size\">Pour en savoir plus sur le travail de <strong>Phileas Dog<\/strong> : <a href=\"https:\/\/phileasdogcorporation.com\/\">https:\/\/phileasdogcorporation.com\/<\/a><\/p>\n\n\n\n<p class=\"has-small-font-size\">Pour en savoir plus sur le<strong> Rita-Plage<\/strong> : <a href=\"http:\/\/www.rita-plage.com\/\">http:\/\/www.rita-plage.com\/<\/a><\/p>\n\n\n\n<p><\/p>\n\n\n\n<div class=\"wp-block-group\"><div class=\"wp-block-group__inner-container is-layout-constrained wp-block-group-is-layout-constrained\">\n<figure class=\"wp-block-gallery has-nested-images columns-default is-cropped wp-block-gallery-1 is-layout-flex wp-block-gallery-is-layout-flex\">\n<figure class=\"wp-block-image size-large\"><img loading=\"lazy\" decoding=\"async\" width=\"1024\" height=\"741\" src=\"https:\/\/cosmos-culture-ecologie.com\/wp-content\/uploads\/2025\/10\/3-1024x741.png\" alt=\"\" class=\"wp-image-3583\" srcset=\"https:\/\/cosmos-culture-ecologie.com\/wp-content\/uploads\/2025\/10\/3-1024x741.png 1024w, https:\/\/cosmos-culture-ecologie.com\/wp-content\/uploads\/2025\/10\/3-300x217.png 300w, https:\/\/cosmos-culture-ecologie.com\/wp-content\/uploads\/2025\/10\/3-768x556.png 768w, https:\/\/cosmos-culture-ecologie.com\/wp-content\/uploads\/2025\/10\/3-1536x1111.png 1536w, https:\/\/cosmos-culture-ecologie.com\/wp-content\/uploads\/2025\/10\/3-1200x868.png 1200w, https:\/\/cosmos-culture-ecologie.com\/wp-content\/uploads\/2025\/10\/3.png 1750w\" sizes=\"auto, (max-width: 709px) 85vw, (max-width: 909px) 67vw, (max-width: 1362px) 62vw, 840px\" \/><\/figure>\n\n\n\n<figure class=\"wp-block-image size-large\"><img loading=\"lazy\" decoding=\"async\" width=\"1024\" height=\"768\" src=\"https:\/\/cosmos-culture-ecologie.com\/wp-content\/uploads\/2025\/09\/Cadre-Martinets-Montagne-20250901_164541-WEB-1024x768.jpeg\" alt=\"\" class=\"wp-image-3521\" srcset=\"https:\/\/cosmos-culture-ecologie.com\/wp-content\/uploads\/2025\/09\/Cadre-Martinets-Montagne-20250901_164541-WEB-1024x768.jpeg 1024w, https:\/\/cosmos-culture-ecologie.com\/wp-content\/uploads\/2025\/09\/Cadre-Martinets-Montagne-20250901_164541-WEB-300x225.jpeg 300w, https:\/\/cosmos-culture-ecologie.com\/wp-content\/uploads\/2025\/09\/Cadre-Martinets-Montagne-20250901_164541-WEB-768x576.jpeg 768w, https:\/\/cosmos-culture-ecologie.com\/wp-content\/uploads\/2025\/09\/Cadre-Martinets-Montagne-20250901_164541-WEB-1536x1151.jpeg 1536w, https:\/\/cosmos-culture-ecologie.com\/wp-content\/uploads\/2025\/09\/Cadre-Martinets-Montagne-20250901_164541-WEB-1200x899.jpeg 1200w, https:\/\/cosmos-culture-ecologie.com\/wp-content\/uploads\/2025\/09\/Cadre-Martinets-Montagne-20250901_164541-WEB.jpeg 1701w\" sizes=\"auto, (max-width: 709px) 85vw, (max-width: 909px) 67vw, (max-width: 1362px) 62vw, 840px\" \/><\/figure>\n\n\n\n<figure class=\"wp-block-image size-large\"><img loading=\"lazy\" decoding=\"async\" width=\"1024\" height=\"768\" src=\"https:\/\/cosmos-culture-ecologie.com\/wp-content\/uploads\/2025\/09\/Cadre-Martinets-20250908_134933-WEB-1024x768.jpeg\" alt=\"\" class=\"wp-image-3520\" srcset=\"https:\/\/cosmos-culture-ecologie.com\/wp-content\/uploads\/2025\/09\/Cadre-Martinets-20250908_134933-WEB-1024x768.jpeg 1024w, https:\/\/cosmos-culture-ecologie.com\/wp-content\/uploads\/2025\/09\/Cadre-Martinets-20250908_134933-WEB-300x225.jpeg 300w, https:\/\/cosmos-culture-ecologie.com\/wp-content\/uploads\/2025\/09\/Cadre-Martinets-20250908_134933-WEB-768x576.jpeg 768w, https:\/\/cosmos-culture-ecologie.com\/wp-content\/uploads\/2025\/09\/Cadre-Martinets-20250908_134933-WEB-1536x1151.jpeg 1536w, https:\/\/cosmos-culture-ecologie.com\/wp-content\/uploads\/2025\/09\/Cadre-Martinets-20250908_134933-WEB-1200x899.jpeg 1200w, https:\/\/cosmos-culture-ecologie.com\/wp-content\/uploads\/2025\/09\/Cadre-Martinets-20250908_134933-WEB.jpeg 1701w\" sizes=\"auto, (max-width: 709px) 85vw, (max-width: 909px) 67vw, (max-width: 1362px) 62vw, 840px\" \/><\/figure>\n<\/figure>\n<\/div><\/div>\n\n\n\n<figure class=\"wp-block-gallery has-nested-images columns-default is-cropped wp-block-gallery-2 is-layout-flex wp-block-gallery-is-layout-flex\">\n<figure class=\"wp-block-image size-large\"><img loading=\"lazy\" decoding=\"async\" width=\"768\" height=\"1024\" data-id=\"3515\" src=\"https:\/\/cosmos-culture-ecologie.com\/wp-content\/uploads\/2025\/09\/IMG_3308-Pois-gourmands-2-768x1024.jpg\" alt=\"\" class=\"wp-image-3515\" srcset=\"https:\/\/cosmos-culture-ecologie.com\/wp-content\/uploads\/2025\/09\/IMG_3308-Pois-gourmands-2-768x1024.jpg 768w, https:\/\/cosmos-culture-ecologie.com\/wp-content\/uploads\/2025\/09\/IMG_3308-Pois-gourmands-2-225x300.jpg 225w, https:\/\/cosmos-culture-ecologie.com\/wp-content\/uploads\/2025\/09\/IMG_3308-Pois-gourmands-2-1152x1536.jpg 1152w, https:\/\/cosmos-culture-ecologie.com\/wp-content\/uploads\/2025\/09\/IMG_3308-Pois-gourmands-2-1200x1600.jpg 1200w, https:\/\/cosmos-culture-ecologie.com\/wp-content\/uploads\/2025\/09\/IMG_3308-Pois-gourmands-2.jpg 1332w\" sizes=\"auto, (max-width: 768px) 85vw, 768px\" \/><\/figure>\n\n\n\n<figure class=\"wp-block-image size-large\"><img loading=\"lazy\" decoding=\"async\" width=\"768\" height=\"1024\" data-id=\"3499\" src=\"https:\/\/cosmos-culture-ecologie.com\/wp-content\/uploads\/2025\/08\/IMG_2030-2-768x1024.jpeg\" alt=\"\" class=\"wp-image-3499\" srcset=\"https:\/\/cosmos-culture-ecologie.com\/wp-content\/uploads\/2025\/08\/IMG_2030-2-768x1024.jpeg 768w, https:\/\/cosmos-culture-ecologie.com\/wp-content\/uploads\/2025\/08\/IMG_2030-2-225x300.jpeg 225w, https:\/\/cosmos-culture-ecologie.com\/wp-content\/uploads\/2025\/08\/IMG_2030-2-1152x1536.jpeg 1152w, https:\/\/cosmos-culture-ecologie.com\/wp-content\/uploads\/2025\/08\/IMG_2030-2-1536x2048.jpeg 1536w, https:\/\/cosmos-culture-ecologie.com\/wp-content\/uploads\/2025\/08\/IMG_2030-2-1200x1600.jpeg 1200w, https:\/\/cosmos-culture-ecologie.com\/wp-content\/uploads\/2025\/08\/IMG_2030-2.jpeg 1701w\" sizes=\"auto, (max-width: 768px) 85vw, 768px\" \/><\/figure>\n\n\n\n<figure class=\"wp-block-image size-large\"><img loading=\"lazy\" decoding=\"async\" width=\"1024\" height=\"768\" data-id=\"3514\" src=\"https:\/\/cosmos-culture-ecologie.com\/wp-content\/uploads\/2025\/09\/IMG_3309-Les-tomates-du-jardin-2-1024x768.jpg\" alt=\"\" class=\"wp-image-3514\" srcset=\"https:\/\/cosmos-culture-ecologie.com\/wp-content\/uploads\/2025\/09\/IMG_3309-Les-tomates-du-jardin-2-1024x768.jpg 1024w, https:\/\/cosmos-culture-ecologie.com\/wp-content\/uploads\/2025\/09\/IMG_3309-Les-tomates-du-jardin-2-300x225.jpg 300w, https:\/\/cosmos-culture-ecologie.com\/wp-content\/uploads\/2025\/09\/IMG_3309-Les-tomates-du-jardin-2-768x576.jpg 768w, https:\/\/cosmos-culture-ecologie.com\/wp-content\/uploads\/2025\/09\/IMG_3309-Les-tomates-du-jardin-2-1200x900.jpg 1200w, https:\/\/cosmos-culture-ecologie.com\/wp-content\/uploads\/2025\/09\/IMG_3309-Les-tomates-du-jardin-2.jpg 1417w\" sizes=\"auto, (max-width: 709px) 85vw, (max-width: 909px) 67vw, (max-width: 1362px) 62vw, 840px\" \/><\/figure>\n<\/figure>\n","protected":false},"excerpt":{"rendered":"<p>Exposition des illustrations s\u00e9rigraphi\u00e9es de l\u2019artiste Phileas Dog, cr\u00e9\u00e9es pour Cosmos &#8211; culture et \u00e9cologie Rendez-vous du mardi 10 mars au dimanche 19 avril au Rita Plage, bar-cantine culturelle, pour d\u00e9couvrir le travail de l&rsquo;artiste Phileas Dog. Une exposition pr\u00e9sent\u00e9e en \u00e9cho \u00e0 la repr\u00e9sentation de\u00a0Cosmologies\u00a0vendredi 20 mars au Rita-Plage, dans le cadre de la &hellip; <a href=\"https:\/\/cosmos-culture-ecologie.com\/?page_id=3708\" class=\"more-link\">Continuer la lecture<span class=\"screen-reader-text\"> de &laquo;&nbsp;Exposition des illustrations de Phileas Dog&nbsp;&raquo;<\/span><\/a><\/p>\n","protected":false},"author":1,"featured_media":0,"parent":0,"menu_order":0,"comment_status":"closed","ping_status":"closed","template":"","meta":{"footnotes":""},"class_list":["post-3708","page","type-page","status-publish","hentry"],"_links":{"self":[{"href":"https:\/\/cosmos-culture-ecologie.com\/index.php?rest_route=\/wp\/v2\/pages\/3708","targetHints":{"allow":["GET"]}}],"collection":[{"href":"https:\/\/cosmos-culture-ecologie.com\/index.php?rest_route=\/wp\/v2\/pages"}],"about":[{"href":"https:\/\/cosmos-culture-ecologie.com\/index.php?rest_route=\/wp\/v2\/types\/page"}],"author":[{"embeddable":true,"href":"https:\/\/cosmos-culture-ecologie.com\/index.php?rest_route=\/wp\/v2\/users\/1"}],"replies":[{"embeddable":true,"href":"https:\/\/cosmos-culture-ecologie.com\/index.php?rest_route=%2Fwp%2Fv2%2Fcomments&post=3708"}],"version-history":[{"count":4,"href":"https:\/\/cosmos-culture-ecologie.com\/index.php?rest_route=\/wp\/v2\/pages\/3708\/revisions"}],"predecessor-version":[{"id":3769,"href":"https:\/\/cosmos-culture-ecologie.com\/index.php?rest_route=\/wp\/v2\/pages\/3708\/revisions\/3769"}],"wp:attachment":[{"href":"https:\/\/cosmos-culture-ecologie.com\/index.php?rest_route=%2Fwp%2Fv2%2Fmedia&parent=3708"}],"curies":[{"name":"wp","href":"https:\/\/api.w.org\/{rel}","templated":true}]}}