{"id":334,"date":"2020-02-26T10:26:08","date_gmt":"2020-02-26T09:26:08","guid":{"rendered":"http:\/\/cosmos-culture-ecologie.com\/?page_id=334"},"modified":"2024-08-30T12:48:22","modified_gmt":"2024-08-30T10:48:22","slug":"partenaires-et-soutiens","status":"publish","type":"page","link":"https:\/\/cosmos-culture-ecologie.com\/?page_id=334","title":{"rendered":"Partenaires et soutiens"},"content":{"rendered":"\n<p><strong>Cosmos &#8211; culture et \u00e9cologie b\u00e9n\u00e9ficie du soutien de la M\u00e9tropole de Lyon. <\/strong>Un grand merci pour ce soutien pr\u00e9cieux. <\/p>\n\n\n\n<figure class=\"wp-block-image size-full is-resized\"><img loading=\"lazy\" decoding=\"async\" src=\"https:\/\/cosmos-culture-ecologie.com\/wp-content\/uploads\/2022\/09\/Metropole-de-Lyon_Logo-2022_ROUGEBLANC-100.jpg\" alt=\"\" class=\"wp-image-2030\" width=\"245\" height=\"96\" srcset=\"https:\/\/cosmos-culture-ecologie.com\/wp-content\/uploads\/2022\/09\/Metropole-de-Lyon_Logo-2022_ROUGEBLANC-100.jpg 860w, https:\/\/cosmos-culture-ecologie.com\/wp-content\/uploads\/2022\/09\/Metropole-de-Lyon_Logo-2022_ROUGEBLANC-100-300x118.jpg 300w, https:\/\/cosmos-culture-ecologie.com\/wp-content\/uploads\/2022\/09\/Metropole-de-Lyon_Logo-2022_ROUGEBLANC-100-768x302.jpg 768w\" sizes=\"auto, (max-width: 245px) 85vw, 245px\" \/><\/figure>\n\n\n\n<p><\/p>\n\n\n\n<p><strong>Cosmos &#8211; culture et \u00e9cologie b\u00e9n\u00e9ficie \u00e9galement du soutien du fonds de dotation La Passerelle, <\/strong>que nous remercions chaleureusement pour leur soutien et leur pr\u00e9sence \u00e0 nos c\u00f4t\u00e9s. <\/p>\n\n\n\n<figure class=\"wp-block-image size-large is-resized\"><img loading=\"lazy\" decoding=\"async\" src=\"https:\/\/cosmos-culture-ecologie.com\/wp-content\/uploads\/2023\/10\/la_passerelle_LOGO-noir-1024x263.png\" alt=\"\" class=\"wp-image-2602\" width=\"246\" height=\"62\" srcset=\"https:\/\/cosmos-culture-ecologie.com\/wp-content\/uploads\/2023\/10\/la_passerelle_LOGO-noir-1024x263.png 1024w, https:\/\/cosmos-culture-ecologie.com\/wp-content\/uploads\/2023\/10\/la_passerelle_LOGO-noir-300x77.png 300w, https:\/\/cosmos-culture-ecologie.com\/wp-content\/uploads\/2023\/10\/la_passerelle_LOGO-noir-768x197.png 768w, https:\/\/cosmos-culture-ecologie.com\/wp-content\/uploads\/2023\/10\/la_passerelle_LOGO-noir-1536x395.png 1536w, https:\/\/cosmos-culture-ecologie.com\/wp-content\/uploads\/2023\/10\/la_passerelle_LOGO-noir-2048x526.png 2048w, https:\/\/cosmos-culture-ecologie.com\/wp-content\/uploads\/2023\/10\/la_passerelle_LOGO-noir-1200x308.png 1200w\" sizes=\"auto, (max-width: 246px) 85vw, 246px\" \/><\/figure>\n\n\n\n<p><\/p>\n\n\n\n<p><strong>Nous avons travaill\u00e9 et nou\u00e9 des partenariats avec : <\/strong><\/p>\n\n\n\n<p>Actes Sud, Agir pour l\u2019environnement, Anciela, L&rsquo;ARP, (Soci\u00e9t\u00e9 civile des Auteurs R\u00e9alisateurs Producteurs), Arthropologia, Biblioth\u00e8que de la Part-Dieu, Centre Image Bourgogne Franche-Comt\u00e9, Cin\u00e9 Mourguet (Sainte-Foy-l\u00e8s-Lyon), Cin\u00e9 Rillieux (Rillieux-la-Pape), Cin\u00e9 Toboggan (D\u00e9cines), Cin\u00e9ma Le Zola (Villeurbanne), Comuna (Agir pour le vivant, Arles), Ecoprod, Evreux Nature Environnement, la F\u00e9d\u00e9ration des Murs \u00e0 p\u00eaches (Montreuil), Festival Entre Rh\u00f4ne et Sa\u00f4ne, FNE Rh\u00f4ne, Les Jardins ouvriers de Gerland \u2013 section le Livre, LPO Aura, Mairie de Rillieux-la-Pape, Maison de l&rsquo;\u00e9cologie, Maison de l\u2019environnement, M\u00e9tropole de Lyon, MIAM Festival, Mus\u00e9e des Confluences, Notre Affaire \u00e0 tous, Le Passe-jardins, le SMIRIL, Universit\u00e9s de Lyon\u2026\u00a0 <\/p>\n\n\n\n<p><\/p>\n\n\n\n<p>Cosmos &#8211; culture et \u00e9cologie est adh\u00e9rente de<strong> la Maison de l&rsquo;environnement. <\/strong><\/p>\n\n\n\n<figure class=\"wp-block-image size-full is-resized\"><img loading=\"lazy\" decoding=\"async\" src=\"https:\/\/cosmos-culture-ecologie.com\/wp-content\/uploads\/2023\/02\/LOGO-MAISON-ENVIRONNEMENT-LYON-1.png\" alt=\"\" class=\"wp-image-2278\" width=\"222\" height=\"73\" srcset=\"https:\/\/cosmos-culture-ecologie.com\/wp-content\/uploads\/2023\/02\/LOGO-MAISON-ENVIRONNEMENT-LYON-1.png 986w, https:\/\/cosmos-culture-ecologie.com\/wp-content\/uploads\/2023\/02\/LOGO-MAISON-ENVIRONNEMENT-LYON-1-300x100.png 300w, https:\/\/cosmos-culture-ecologie.com\/wp-content\/uploads\/2023\/02\/LOGO-MAISON-ENVIRONNEMENT-LYON-1-768x257.png 768w\" sizes=\"auto, (max-width: 222px) 85vw, 222px\" \/><\/figure>\n\n\n\n<p><\/p>\n\n\n\n<p>Cosmos &#8211; culture et \u00e9cologie est adh\u00e9rente de<strong> GRAINE -Auvergne-Rh\u00f4ne-Alpes.<\/strong><\/p>\n\n\n\n<figure class=\"wp-block-image size-full is-resized\"><img loading=\"lazy\" decoding=\"async\" src=\"https:\/\/cosmos-culture-ecologie.com\/wp-content\/uploads\/2023\/02\/graine.png\" alt=\"\" class=\"wp-image-2279\" width=\"251\" height=\"141\" srcset=\"https:\/\/cosmos-culture-ecologie.com\/wp-content\/uploads\/2023\/02\/graine.png 421w, https:\/\/cosmos-culture-ecologie.com\/wp-content\/uploads\/2023\/02\/graine-300x169.png 300w\" sizes=\"auto, (max-width: 251px) 85vw, 251px\" \/><\/figure>\n","protected":false},"excerpt":{"rendered":"<p>Cosmos &#8211; culture et \u00e9cologie b\u00e9n\u00e9ficie du soutien de la M\u00e9tropole de Lyon. Un grand merci pour ce soutien pr\u00e9cieux. Cosmos &#8211; culture et \u00e9cologie b\u00e9n\u00e9ficie \u00e9galement du soutien du fonds de dotation La Passerelle, que nous remercions chaleureusement pour leur soutien et leur pr\u00e9sence \u00e0 nos c\u00f4t\u00e9s. Nous avons travaill\u00e9 et nou\u00e9 des partenariats &hellip; <a href=\"https:\/\/cosmos-culture-ecologie.com\/?page_id=334\" class=\"more-link\">Continuer la lecture<span class=\"screen-reader-text\"> de &laquo;&nbsp;Partenaires et soutiens&nbsp;&raquo;<\/span><\/a><\/p>\n","protected":false},"author":1,"featured_media":0,"parent":0,"menu_order":0,"comment_status":"closed","ping_status":"closed","template":"","meta":{"footnotes":""},"class_list":["post-334","page","type-page","status-publish","hentry"],"_links":{"self":[{"href":"https:\/\/cosmos-culture-ecologie.com\/index.php?rest_route=\/wp\/v2\/pages\/334","targetHints":{"allow":["GET"]}}],"collection":[{"href":"https:\/\/cosmos-culture-ecologie.com\/index.php?rest_route=\/wp\/v2\/pages"}],"about":[{"href":"https:\/\/cosmos-culture-ecologie.com\/index.php?rest_route=\/wp\/v2\/types\/page"}],"author":[{"embeddable":true,"href":"https:\/\/cosmos-culture-ecologie.com\/index.php?rest_route=\/wp\/v2\/users\/1"}],"replies":[{"embeddable":true,"href":"https:\/\/cosmos-culture-ecologie.com\/index.php?rest_route=%2Fwp%2Fv2%2Fcomments&post=334"}],"version-history":[{"count":36,"href":"https:\/\/cosmos-culture-ecologie.com\/index.php?rest_route=\/wp\/v2\/pages\/334\/revisions"}],"predecessor-version":[{"id":3088,"href":"https:\/\/cosmos-culture-ecologie.com\/index.php?rest_route=\/wp\/v2\/pages\/334\/revisions\/3088"}],"wp:attachment":[{"href":"https:\/\/cosmos-culture-ecologie.com\/index.php?rest_route=%2Fwp%2Fv2%2Fmedia&parent=334"}],"curies":[{"name":"wp","href":"https:\/\/api.w.org\/{rel}","templated":true}]}}