{"id":2818,"date":"2024-02-21T12:07:19","date_gmt":"2024-02-21T11:07:19","guid":{"rendered":"https:\/\/cosmos-culture-ecologie.com\/?page_id=2818"},"modified":"2024-06-25T17:25:06","modified_gmt":"2024-06-25T15:25:06","slug":"au-printemps-les-oiseaux","status":"publish","type":"page","link":"https:\/\/cosmos-culture-ecologie.com\/?page_id=2818","title":{"rendered":"Au printemps les oiseaux !"},"content":{"rendered":"\n<p class=\"has-medium-font-size\"><strong>Film, rencontre et ateliers en nature autour des oiseaux<\/strong>, en partenariat avec la LPO<\/p>\n\n\n\n<p class=\"has-text-align-center has-small-font-size\"><em>\u00ab\u00a0Tu sens l&rsquo;art relier les hommes au cosmos et aux puissances nocturnes.&nbsp;Mais l&rsquo;art n&rsquo;est pas un r\u00eave. Il est une r\u00e9sistance au r\u00e9el.\u00a0\u00bb &nbsp;Birds of America&nbsp;<\/em>de Jacques Loeuile<\/p>\n\n\n\n<p><\/p>\n\n\n\n<p class=\"has-text-align-center\" style=\"font-size:18px\"><strong>Rendez-vous Cosmos &#8211; Film &amp; Rencontre <\/strong><\/p>\n\n\n\n<p class=\"has-text-align-center\" style=\"font-size:18px\"><strong>Jeudi 4 avril \u00e0 18h au Cin\u00e9ma G\u00e9rard Philipe, \u00e0 V\u00e9nissieux <\/strong><\/p>\n\n\n\n<p class=\"has-text-align-center\" style=\"font-size:18px\"><strong><em>Birds of America<\/em> <\/strong>de Jacques Loeuille <\/p>\n\n\n\n<p class=\"has-text-align-center\" style=\"font-size:18px\"><strong>Avec la pr\u00e9sence exceptionnelle d&rsquo;Eric Baratay<\/strong>, historien des animaux, et de<strong> Camille Miro de la LPO <\/strong>(Ligue pour la protection des oiseaux)<\/p>\n\n\n\n<p><\/p>\n\n\n\n<div class=\"wp-block-media-text alignwide is-stacked-on-mobile\" style=\"grid-template-columns:35% auto\"><figure class=\"wp-block-media-text__media\"><img loading=\"lazy\" decoding=\"async\" width=\"752\" height=\"1024\" src=\"https:\/\/cosmos-culture-ecologie.com\/wp-content\/uploads\/2024\/03\/BIRDS-OF-AMERICA_120x160-752x1024.jpg\" alt=\"\" class=\"wp-image-2885 size-full\" srcset=\"https:\/\/cosmos-culture-ecologie.com\/wp-content\/uploads\/2024\/03\/BIRDS-OF-AMERICA_120x160-752x1024.jpg 752w, https:\/\/cosmos-culture-ecologie.com\/wp-content\/uploads\/2024\/03\/BIRDS-OF-AMERICA_120x160-220x300.jpg 220w, https:\/\/cosmos-culture-ecologie.com\/wp-content\/uploads\/2024\/03\/BIRDS-OF-AMERICA_120x160-768x1046.jpg 768w, https:\/\/cosmos-culture-ecologie.com\/wp-content\/uploads\/2024\/03\/BIRDS-OF-AMERICA_120x160-1128x1536.jpg 1128w, https:\/\/cosmos-culture-ecologie.com\/wp-content\/uploads\/2024\/03\/BIRDS-OF-AMERICA_120x160-1504x2048.jpg 1504w, https:\/\/cosmos-culture-ecologie.com\/wp-content\/uploads\/2024\/03\/BIRDS-OF-AMERICA_120x160-1200x1634.jpg 1200w, https:\/\/cosmos-culture-ecologie.com\/wp-content\/uploads\/2024\/03\/BIRDS-OF-AMERICA_120x160-scaled.jpg 1880w\" sizes=\"auto, (max-width: 752px) 85vw, 752px\" \/><\/figure><div class=\"wp-block-media-text__content\">\n<p style=\"font-size:16px\"><strong><em>Birds of America<\/em> <\/strong>de Jacques Loeuille (Doc, Fr, 2022, 1h24, coul)<\/p>\n\n\n\n<p class=\"has-small-font-size\"><strong>Le film :<\/strong> Au d\u00e9but du XIXe si\u00e8cle, un jeune peintre fran\u00e7ais au talent fou,&nbsp;<strong>Jean-Jacques Audubon<\/strong>, parcourt la Louisiane pour peindre tous les oiseaux du Nouveau Continent. La d\u00e9couverte des grands espaces sauvages encourage alors l\u2019utopie de cette jeune nation. Le travail d\u2019Audubon, pionnier de l&rsquo;\u00e9cologie, forme aujourd&rsquo;hui une archive du ciel, et une oeuvre d&rsquo;art incontournable\u2026&nbsp;Un appel \u00e0 s&rsquo;\u00e9merveiller et \u00e0 aimer le vivant, \u00e0 pr\u00e9server la nature.&nbsp;<\/p>\n\n\n\n<p style=\"font-size:12px\"><strong>Th\u00e9matiques<\/strong>&nbsp;: les oiseaux, l\u2019histoire des animaux et l\u2019histoire du point de vue animal, l&rsquo;art, la biodiversit\u00e9, l&rsquo;histoire, les peuples am\u00e9rindiens et la colonisation, l&rsquo;amn\u00e9sie environnementale.&nbsp;<\/p>\n<\/div><\/div>\n\n\n\n<p class=\"has-text-align-center\" style=\"font-size:15px\"><strong>En pr\u00e9sence d\u2019Eric Baratay, Professeur \u00e0 l\u2019universit\u00e9 de Lyon Jean Moulin, sp\u00e9cialiste de l&rsquo;histoire du point de vue animal et de l&rsquo;histoire des animaux<\/strong>, et de <strong>Camille Miro<\/strong>, charg\u00e9e de mission en&nbsp;environnement&nbsp;\u00e0 la LPO Auvergne-Rh\u00f4ne-Alpes&nbsp;&#8211; d\u00e9l\u00e9gation territoriale Rh\u00f4ne (<a rel=\"noreferrer noopener\" href=\"https:\/\/www.lpo.fr\/\" data-type=\"URL\" data-id=\"https:\/\/www.lpo.fr\/\" target=\"_blank\">Ligue de Protection des oiseaux<\/a>)<\/p>\n\n\n\n<p class=\"has-text-align-center\" style=\"font-size:16px\"><a rel=\"noreferrer noopener\" href=\"https:\/\/www.ticketingcine.fr\/index.php?lang=fr&amp;ids=44600&amp;nc=0958\" target=\"_blank\"><strong>Billetterie<\/strong> (tarif : 4,30\u20ac)<\/a><\/p>\n\n\n\n<p style=\"font-size:15px\"><strong>Rencontre<\/strong> &#8211; Le film sera suivi d&rsquo;un \u00e9change avec nos deux invit\u00e9.es :<\/p>\n\n\n\n<p class=\"has-small-font-size\"><strong>&#8211; Eric Baratay<\/strong>&nbsp;m\u00e8ne depuis trente ans un travail novateur sur l&rsquo;histoire du point de vue animal, questionnant notre relation aux animaux, interrogeant quels ont pu \u00eatre leur r\u00f4le, leur v\u00e9cu, leur ressenti dans l&rsquo;histoire &#8211; durant les guerres, dans les mines, les villes, les religions&#8230; &#8211; et plus globalement, au sein de nos soci\u00e9t\u00e9s. Il a sign\u00e9 et dirig\u00e9 de nombreux&nbsp;<a href=\"https:\/\/a00z0.r.sp1-brevo.net\/mk\/cl\/f\/sh\/SMK1E8tHeGSV37OlXRfZeyS2Nz9h\/lS-xpwWHeVVF\" target=\"_blank\" rel=\"noreferrer noopener\">ouvrages<\/a>&nbsp;sur le sujet.<\/p>\n\n\n\n<p class=\"has-small-font-size\"><strong>&#8211; Camille Miro,<\/strong>&nbsp;de la&nbsp;<strong>LPO Auvergne-Rh\u00f4ne-Alpes&nbsp;&#8211; Rh\u00f4ne<\/strong>&nbsp;(<a href=\"https:\/\/a00z0.r.sp1-brevo.net\/mk\/cl\/f\/sh\/SMK1E8tHeGZMVGDiibp3knkmMHjx\/VcPdZAJ-uCIr\" target=\"_blank\" rel=\"noreferrer noopener\">Ligue pour la protection des oiseaux<\/a>). Depuis 1912, la LPO \u0153uvre pour la protection de la nature, avec trois missions : connaissance et conservation de la biodiversit\u00e9 ; pr\u00e9servation et gestion des espaces naturels ; \u00e9ducation et mobilisation.<\/p>\n\n\n\n<p class=\"has-small-font-size\"><strong>Acc\u00e8s au <a rel=\"noreferrer noopener\" href=\"https:\/\/culture.venissieux.fr\/cinema-gerard-philipe\/\" data-type=\"URL\" data-id=\"https:\/\/culture.venissieux.fr\/cinema-gerard-philipe\/\" target=\"_blank\">Cin\u00e9ma G\u00e9rard Philipe <\/a>:<\/strong> <strong><br>Adresse : 12 avenue Jean Cagne &#8211; 69200 V\u00e9nissieux<\/strong>. <strong>Acc\u00e8s en transports en commun : <\/strong>T4&nbsp;&#8211; Arr\u00eat Division Leclerc ; M\u00e9tro D&nbsp;&#8211; Arr\u00eat Gare de V\u00e9nissieux ; Bus 12&nbsp;&#8211; Arr\u00eat Herriot-Cagne. <strong>En voiture depuis Lyon :<\/strong>&nbsp;direction A7 \u2013 sortie V\u00e9nissieux \/ Feyzin, direction V\u00e9nissieux Minguettes 2\u00e8me rond point, direction \u00e0 droite \u201davenue du 8 mai 1945\u201d, puis \u00e0 gauche \u201davenue Jean Cagne\u201d<\/p>\n\n\n\n<hr class=\"wp-block-separator aligncenter has-alpha-channel-opacity is-style-wide\"\/>\n\n\n\n<p class=\"has-text-align-center\" style=\"font-size:18px\"><strong>Plumes ! Atelier-balade autour des oiseaux, avec la LPO AuRA<\/strong><\/p>\n\n\n\n<p class=\"has-text-align-center\" style=\"font-size:16px\"><strong>Mercredi 10 avril \u00e0 16h<\/strong>, au Fort de Feyzin, \u00e0 Feyzin<\/p>\n\n\n\n<div class=\"wp-block-media-text alignwide is-stacked-on-mobile\"><figure class=\"wp-block-media-text__media\"><img loading=\"lazy\" decoding=\"async\" width=\"1024\" height=\"683\" src=\"https:\/\/cosmos-culture-ecologie.com\/wp-content\/uploads\/2024\/03\/rouge-gorge-LPO-1024x683.jpeg\" alt=\"\" class=\"wp-image-2891 size-full\" srcset=\"https:\/\/cosmos-culture-ecologie.com\/wp-content\/uploads\/2024\/03\/rouge-gorge-LPO-1024x683.jpeg 1024w, https:\/\/cosmos-culture-ecologie.com\/wp-content\/uploads\/2024\/03\/rouge-gorge-LPO-300x200.jpeg 300w, https:\/\/cosmos-culture-ecologie.com\/wp-content\/uploads\/2024\/03\/rouge-gorge-LPO-768x512.jpeg 768w, https:\/\/cosmos-culture-ecologie.com\/wp-content\/uploads\/2024\/03\/rouge-gorge-LPO-1536x1024.jpeg 1536w, https:\/\/cosmos-culture-ecologie.com\/wp-content\/uploads\/2024\/03\/rouge-gorge-LPO-2048x1365.jpeg 2048w, https:\/\/cosmos-culture-ecologie.com\/wp-content\/uploads\/2024\/03\/rouge-gorge-LPO-1200x800.jpeg 1200w\" sizes=\"auto, (max-width: 709px) 85vw, (max-width: 909px) 67vw, (max-width: 1362px) 62vw, 840px\" \/><\/figure><div class=\"wp-block-media-text__content\">\n<p class=\"has-text-align-left has-small-font-size\">Qu\u2019est-ce qu\u2019une plume ? Comment les reconnaitre ? Nous exp\u00e9rimenterons aussi l\u2019\u00e9criture et le dessin \u00e0 la plume. Un temps convivial de partage et de connexion au vivant, dans ce tr\u00e8s bel endroit de nature, autour du Fort de Feyzin, pour observer, apprendre et s\u2019amuser. Nous donnerons aussi de nombreuses pistes d\u2019actions \u00e0 mener en faveur des oiseaux. <\/p>\n<\/div><\/div>\n\n\n\n<p class=\"has-text-align-left has-small-font-size\"><strong>Atelier anim\u00e9 par Sol\u00e8ne Pradel<\/strong>, charg\u00e9e de mission animation&nbsp;\u00e0 la LPO Auvergne-Rh\u00f4ne-Alpes&nbsp;&#8211; D\u00e9l\u00e9gation territoriale Rh\u00f4ne. <\/p>\n\n\n\n<p class=\"has-text-align-left has-small-font-size\"><strong>Pour tous les publics d\u00e8s 8 ans. A prix libre sur inscription. Dur\u00e9e : 1h30. <\/strong><\/p>\n\n\n\n<p class=\"has-small-font-size\">A noter : nous proposerons cet atelier \u00e0 14h15 pour les centres sociaux et a\u00e9r\u00e9s. Vous pouvez nous contacter \u00e0 cosmos.cuture.ecologie@gmail.com<\/p>\n\n\n\n<p class=\"has-text-align-center\"><a href=\"https:\/\/www.helloasso.com\/associations\/cosmos-culture-et-ecologie\/evenements\/atelier-balade-plumes-avec-la-lpo-aura\" data-type=\"URL\" data-id=\"https:\/\/www.helloasso.com\/associations\/cosmos-culture-et-ecologie\/evenements\/atelier-balade-plumes-avec-la-lpo-aura\" target=\"_blank\" rel=\"noreferrer noopener\"><strong>Inscriptions \u00e0 prix libre ici.<\/strong><\/a><\/p>\n\n\n\n<hr class=\"wp-block-separator aligncenter has-alpha-channel-opacity is-style-wide\"\/>\n\n\n\n<p style=\"font-size:14px\"><strong>Pour prolonger la d\u00e9couverte et passer \u00e0 l\u2019action en faveur des oiseaux, la LPO propose deux autre ateliers, en \u00e9cho \u00e0 cette programmation :<\/strong><\/p>\n\n\n\n<p style=\"font-size:14px\">Jeudi 25 avril \u00e0 10h au Fort de Feyzin : <strong>Atelier de fabrication de nichoirs<\/strong><\/p>\n\n\n\n<p style=\"font-size:12px\">Le printemps revient et avec elle la nidification des oiseaux. Mais la rar\u00e9faction des cavit\u00e9s naturelles fait que les oiseaux cavernicoles (qui nichent dans des cavit\u00e9s) ont de plus en plus de mal \u00e0 trouver un lieu o\u00f9 se reproduire. D\u00e9couvrez comment les aider en participant \u00e0 la construction de nichoirs, et repartez avec votre propre nichoir ! Dur\u00e9e : 1h30. <strong>Contact et renseignements: <a href=\"javascript:;\">solene.pradel[a]lpo.fr<\/a><\/strong><\/p>\n\n\n\n<p class=\"has-text-align-center has-small-font-size\"><strong>Toutes les informations <a rel=\"noreferrer noopener\" href=\"https:\/\/auvergne-rhone-alpes.lpo.fr\/agenda\/fabrication-de-nichoirs\/\" target=\"_blank\">ici<\/a> et inscriptions <a rel=\"noreferrer noopener\" href=\"https:\/\/www.helloasso.com\/associations\/lpo-auvergne-rhone-alpes\/evenements\/fabrication-de-nichoir-pour-oiseaux\" target=\"_blank\">ici<\/a> <\/strong><\/p>\n\n\n\n<p style=\"font-size:14px\">Jeudi 24 octobre 2024 de 14h \u00e0 16h, \u00e0 Feyzin<strong> : Atelier de fabrication de mangeoires<\/strong><\/p>\n\n\n\n<p style=\"font-size:12px\">Le froid, mais aussi la pluie, entra\u00eenent chez les oiseaux une forte d\u00e9pense d\u2019\u00e9nergie. Aidez-les \u00e0 passer l\u2019hiver en construisant des mangeoires afin de leur fournir un coup de pouce pour cette p\u00e9riode difficile.<br><\/p>\n\n\n\n<p style=\"font-size:12px\">Inscription \u00e0 prix libre pour la participation \u00e0 l\u2019atelier et pr\u00e9voir 15\u20ac si vous voulez repartir avec votre mangeoire (une mangeoire par famille ou groupe).<\/p>\n\n\n\n<p style=\"font-size:12px\">Point de RDV  : sous le pavillon d\u2019entr\u00e9e du Fort de Feyzin, 8 route du Dr Jean Long<\/p>\n\n\n\n<p class=\"has-text-align-center\"><a rel=\"noreferrer noopener\" href=\"https:\/\/www.helloasso.com\/associations\/lpo-auvergne-rhone-alpes\/evenements\/atelier-fabrication-de-mangeoires\" target=\"_blank\"><strong>Inscription en ligne sur HelloAsso<\/strong><\/a><\/p>\n\n\n\n<hr class=\"wp-block-separator aligncenter has-alpha-channel-opacity is-style-wide\"\/>\n\n\n\n<p class=\"has-text-align-center\" style=\"font-size:14px\"><strong>Actions, bibliographies, playlist&#8230; D\u00e9couvrez notre page de ressources autour des oiseaux <a href=\"https:\/\/cosmos-culture-ecologie.com\/?page_id=2021\" data-type=\"URL\" data-id=\"https:\/\/cosmos-culture-ecologie.com\/?page_id=2021\">ici<\/a> !<\/strong><\/p>\n\n\n\n<hr class=\"wp-block-separator aligncenter has-alpha-channel-opacity is-style-wide\"\/>\n\n\n\n<p class=\"has-small-font-size\">Une programmation en partenariat avec la <strong>LPO<\/strong> (Ligue de protection des oiseaux), le <strong>Cin\u00e9ma<\/strong> <strong>G\u00e9rard-Philipe<\/strong> \u00e0 V\u00e9nissieux,<strong> et rendue possible gr\u00e2ce au soutien de la M\u00e9tropole de Lyon<\/strong>. Un grand merci \u00e0 ces partenaires pr\u00e9cieux et \u00e0 nos invit\u00e9.es <strong>Eric<\/strong> <strong>Baratay<\/strong>, <strong>Camille<\/strong> <strong>Miro<\/strong> et <strong>Sol\u00e8ne<\/strong> <strong>Pradel<\/strong>, ainsi qu&rsquo;\u00e0<strong> Marine Sans<\/strong> (Cin\u00e9ma G\u00e9rard Philipe)<strong> et Leslie Favre<\/strong> (LPO).<\/p>\n\n\n\n<figure class=\"wp-block-image size-full is-resized\"><img loading=\"lazy\" decoding=\"async\" src=\"https:\/\/cosmos-culture-ecologie.com\/wp-content\/uploads\/2023\/03\/Metropole-de-Lyon_Logo-2022_DEFONCE_ROUGE-e1680094192917.png\" alt=\"\" class=\"wp-image-2412\" width=\"173\" height=\"60\"\/><\/figure>\n","protected":false},"excerpt":{"rendered":"<p>Film, rencontre et ateliers en nature autour des oiseaux, en partenariat avec la LPO \u00ab\u00a0Tu sens l&rsquo;art relier les hommes au cosmos et aux puissances nocturnes.&nbsp;Mais l&rsquo;art n&rsquo;est pas un r\u00eave. Il est une r\u00e9sistance au r\u00e9el.\u00a0\u00bb &nbsp;Birds of America&nbsp;de Jacques Loeuile Rendez-vous Cosmos &#8211; Film &amp; Rencontre Jeudi 4 avril \u00e0 18h au Cin\u00e9ma &hellip; <a href=\"https:\/\/cosmos-culture-ecologie.com\/?page_id=2818\" class=\"more-link\">Continuer la lecture<span class=\"screen-reader-text\"> de &laquo;&nbsp;Au printemps les oiseaux !&nbsp;&raquo;<\/span><\/a><\/p>\n","protected":false},"author":1,"featured_media":0,"parent":0,"menu_order":0,"comment_status":"closed","ping_status":"closed","template":"","meta":{"footnotes":""},"class_list":["post-2818","page","type-page","status-publish","hentry"],"_links":{"self":[{"href":"https:\/\/cosmos-culture-ecologie.com\/index.php?rest_route=\/wp\/v2\/pages\/2818","targetHints":{"allow":["GET"]}}],"collection":[{"href":"https:\/\/cosmos-culture-ecologie.com\/index.php?rest_route=\/wp\/v2\/pages"}],"about":[{"href":"https:\/\/cosmos-culture-ecologie.com\/index.php?rest_route=\/wp\/v2\/types\/page"}],"author":[{"embeddable":true,"href":"https:\/\/cosmos-culture-ecologie.com\/index.php?rest_route=\/wp\/v2\/users\/1"}],"replies":[{"embeddable":true,"href":"https:\/\/cosmos-culture-ecologie.com\/index.php?rest_route=%2Fwp%2Fv2%2Fcomments&post=2818"}],"version-history":[{"count":36,"href":"https:\/\/cosmos-culture-ecologie.com\/index.php?rest_route=\/wp\/v2\/pages\/2818\/revisions"}],"predecessor-version":[{"id":2963,"href":"https:\/\/cosmos-culture-ecologie.com\/index.php?rest_route=\/wp\/v2\/pages\/2818\/revisions\/2963"}],"wp:attachment":[{"href":"https:\/\/cosmos-culture-ecologie.com\/index.php?rest_route=%2Fwp%2Fv2%2Fmedia&parent=2818"}],"curies":[{"name":"wp","href":"https:\/\/api.w.org\/{rel}","templated":true}]}}