{"id":2722,"date":"2023-12-20T18:16:56","date_gmt":"2023-12-20T17:16:56","guid":{"rendered":"https:\/\/cosmos-culture-ecologie.com\/?page_id=2722"},"modified":"2024-02-02T09:28:34","modified_gmt":"2024-02-02T08:28:34","slug":"autour-de-la-riviere","status":"publish","type":"page","link":"https:\/\/cosmos-culture-ecologie.com\/?page_id=2722","title":{"rendered":"\u00ab\u00a0La Rivi\u00e8re\u00a0\u00bb de Dominique Marchais : projection, rencontre et balade-d\u00e9couverte"},"content":{"rendered":"\n<p><\/p>\n\n\n\n<p style=\"font-size:15px\">En mars, nous mettrons la rivi\u00e8re \u00e0 l&rsquo;honneur, avec une s\u00e9ance de ce film merveilleux et passionnant, un grand documentaire de cin\u00e9ma sorti en novembre dernier : <strong><em>La Rivi\u00e8re<\/em><\/strong> de Dominique Marchais. La s\u00e9ance sera accompagn\u00e9e par l&rsquo;\u00e9quipe du Sagyrc (Syndicat Intercommunal du Bassin de l&rsquo;Yzeron). Et nous continuerons notre exploration de la rivi\u00e8re avec une balade dans le vallon de l&rsquo;Yzeron, toujours avec le Sagyrc. <\/p>\n\n\n\n<p style=\"font-size:15px\">L&rsquo;occasion de prendre des nouvelles des rivi\u00e8res, \u00e0 la crois\u00e9e de multiples enjeux de biodiversit\u00e9, de sant\u00e9, d&rsquo;alimentation, de beaut\u00e9 aussi ; de prendre leur pouls, et d&rsquo;explorer les pistes d&rsquo;engagement et d&rsquo;action possibles. <\/p>\n\n\n\n<p> <\/p>\n\n\n\n<div class=\"wp-block-media-text alignwide is-stacked-on-mobile\" style=\"grid-template-columns:30% auto\"><figure class=\"wp-block-media-text__media\"><img loading=\"lazy\" decoding=\"async\" width=\"683\" height=\"1024\" src=\"https:\/\/cosmos-culture-ecologie.com\/wp-content\/uploads\/2023\/12\/fe5e671-821-la-riviere-v8-40-60-1-683x1024.jpeg\" alt=\"\" class=\"wp-image-2731 size-full\" srcset=\"https:\/\/cosmos-culture-ecologie.com\/wp-content\/uploads\/2023\/12\/fe5e671-821-la-riviere-v8-40-60-1-683x1024.jpeg 683w, https:\/\/cosmos-culture-ecologie.com\/wp-content\/uploads\/2023\/12\/fe5e671-821-la-riviere-v8-40-60-1-200x300.jpeg 200w, https:\/\/cosmos-culture-ecologie.com\/wp-content\/uploads\/2023\/12\/fe5e671-821-la-riviere-v8-40-60-1-768x1152.jpeg 768w, https:\/\/cosmos-culture-ecologie.com\/wp-content\/uploads\/2023\/12\/fe5e671-821-la-riviere-v8-40-60-1-1024x1536.jpeg 1024w, https:\/\/cosmos-culture-ecologie.com\/wp-content\/uploads\/2023\/12\/fe5e671-821-la-riviere-v8-40-60-1-1365x2048.jpeg 1365w, https:\/\/cosmos-culture-ecologie.com\/wp-content\/uploads\/2023\/12\/fe5e671-821-la-riviere-v8-40-60-1-1200x1800.jpeg 1200w, https:\/\/cosmos-culture-ecologie.com\/wp-content\/uploads\/2023\/12\/fe5e671-821-la-riviere-v8-40-60-1-scaled.jpeg 1707w\" sizes=\"auto, (max-width: 683px) 85vw, 683px\" \/><\/figure><div class=\"wp-block-media-text__content\">\n<p><strong>Rendez-vous Cosmos \u2013 Film &amp; Rencontre<\/strong><\/p>\n\n\n\n<p><strong>Mercredi 6 mars \u00e0 20h au Cin\u00e9 Mourguet<\/strong>, \u00e0 Ste Foy-l\u00e8s-Lyon<\/p>\n\n\n\n<p><strong><em>La Rivi\u00e8re<\/em><\/strong>&nbsp;de Dominique Marchais <\/p>\n\n\n\n<p style=\"font-size:11px\">(Doc, 2023, 1h44, coul)<\/p>\n\n\n\n<p class=\"has-small-font-size\"><strong>En pr\u00e9sence de Matthieu Herv\u00e9, directeur du SAGYRC<\/strong>, en charge de la gestion et des am\u00e9nagements des cours d\u2019eau du bassin versant de l\u2019Yzeron<\/p>\n\n\n\n<p class=\"has-text-align-center\"><strong>Billetterie d\u00e9j\u00e0 disponible&nbsp;<a rel=\"noreferrer noopener\" href=\"https:\/\/www.ticketingcine.fr\/index.php?lang=fr&amp;nc=1051&amp;ids=22645\" target=\"_blank\">ici<\/a>&nbsp;!<\/strong><\/p>\n<\/div><\/div>\n\n\n\n<p style=\"font-size:14px\">Entre Pyr\u00e9n\u00e9es et Atlantique coulent des rivi\u00e8res puissantes qu\u2019on appelle les gaves. Les champs de ma\u00efs les assoiffent, les barrages bloquent la circulation du saumon. L\u2019activit\u00e9 humaine bouleverse le cycle de l\u2019eau et la biodiversit\u00e9 de la rivi\u00e8re.<br>Des hommes et des femmes tendent leur regard curieux et amoureux vers ce monde fascinant fait de beaut\u00e9 et de d\u00e9sastre.&nbsp;Le film a re\u00e7u le Prix Jean Vigo 2023 et un accueil tr\u00e8s enthousiaste de la presse (voir ci-dessous).<\/p>\n\n\n\n<p class=\"has-small-font-size\"><a href=\"https:\/\/www.youtube.com\/watch?v=EtIcELoNdNI\" data-type=\"URL\" data-id=\"https:\/\/www.youtube.com\/watch?v=EtIcELoNdNI\" target=\"_blank\" rel=\"noreferrer noopener\">Voir la bande-annonce<\/a><\/p>\n\n\n\n<p class=\"has-small-font-size\"><strong>Cin\u00e9 Mourguet<\/strong>, 15 rue Deshay, Sainte Foy-l\u00e8s-lyon. <strong>Acc\u00e8s<\/strong> : \u00e0 17min de Perrache en bus TCL. Bus C19 &#8211; Arr\u00eat Ste Foy Mairie ou Bus 49 &#8211; Arr\u00eat Ste Foy Ch\u00e2telain. Et en voiture et covoiturage : parking du M\u00e9ridien. <\/p>\n\n\n\n<p><\/p>\n\n\n\n<div class=\"wp-block-media-text alignwide is-stacked-on-mobile\" style=\"grid-template-columns:44% auto\"><figure class=\"wp-block-media-text__media\"><img loading=\"lazy\" decoding=\"async\" width=\"600\" height=\"438\" src=\"https:\/\/cosmos-culture-ecologie.com\/wp-content\/uploads\/2023\/12\/600x-f789bbf-777-La-Riviere_01.jpeg\" alt=\"\" class=\"wp-image-2733 size-full\" srcset=\"https:\/\/cosmos-culture-ecologie.com\/wp-content\/uploads\/2023\/12\/600x-f789bbf-777-La-Riviere_01.jpeg 600w, https:\/\/cosmos-culture-ecologie.com\/wp-content\/uploads\/2023\/12\/600x-f789bbf-777-La-Riviere_01-300x219.jpeg 300w\" sizes=\"auto, (max-width: 600px) 85vw, 600px\" \/><\/figure><div class=\"wp-block-media-text__content\">\n<p style=\"font-size:15px\"><strong>En \u00e9cho au film&nbsp;<em>La Rivi\u00e8re<\/em><\/strong><\/p>\n\n\n\n<p style=\"font-size:17px\"><a href=\"https:\/\/cosmos-culture-ecologie.com\/?page_id=2770\" data-type=\"URL\" data-id=\"https:\/\/cosmos-culture-ecologie.com\/?page_id=2770\"><strong>Balade dans le vallon de l\u2019Yzeron <\/strong><\/a><\/p>\n\n\n\n<p style=\"font-size:14px\"><strong>Samedi 16 mars \u00e0 10h30<\/strong><\/p>\n\n\n\n<p style=\"font-size:12px\">Dur\u00e9e : 1h30. Pour tous les publics d\u00e8s 8 ans. Accessible en bus. <strong>Toutes les informations d\u00e9taill\u00e9es <a href=\"https:\/\/cosmos-culture-ecologie.com\/?page_id=2770\" data-type=\"URL\" data-id=\"https:\/\/cosmos-culture-ecologie.com\/?page_id=2770\">ici<\/a>.<\/strong><\/p>\n\n\n\n<p class=\"has-text-align-center has-small-font-size\"><strong>Inscriptions \u00e0 prix libre <a rel=\"noreferrer noopener\" href=\"https:\/\/www.helloasso.com\/associations\/cosmos-culture-et-ecologie\/evenements\/autour-de-la-riviere-balade-decouverte-en-nature-dans-la-vallee-de-l-yzeron\" target=\"_blank\">ici<\/a>. <\/strong><\/p>\n<\/div><\/div>\n\n\n\n<p class=\"has-small-font-size\">Une matin\u00e9e \u00e0 la d\u00e9couverte de la rivi\u00e8re Yzeron, dans\u00a0<strong>l\u2019Espace Naturel Sensible du Vallon de l\u2019Yzeron<\/strong>, dans le ravissant secteur du Moulin du Got. <\/p>\n\n\n\n<p class=\"has-text-align-center has-small-font-size\">Balade anim\u00e9e par<strong>\u00a0Matthieu Herv\u00e9, directeur du\u00a0<a rel=\"noreferrer noopener\" href=\"https:\/\/cosmos-culture-ecologie.com\/?page_id=2770\" target=\"_blank\">Sagyrc<\/a>\u00a0\u2013\u00a0Syndicat Intercommunal du bassin de l\u2019Yzeron,\u00a0<\/strong>et<strong>\u00a0Jeanne Dupr\u00e9-Latour<\/strong>, charg\u00e9e de mission p\u00e9dagogique au Sagyrc.<\/p>\n\n\n\n<p><\/p>\n\n\n\n<p><strong>En savoir plus : <\/strong><\/p>\n\n\n\n<p><strong>Dominique Marchais <\/strong>: <\/p>\n\n\n\n<p class=\"has-small-font-size\">Apr\u00e8s une licence de philosophie \u00e0 la Sorbonne, Dominique Marchais d\u00e9bute comme critique de cin\u00e9ma pour&nbsp;<em>Les Inrockuptibles<\/em>&nbsp;et travaille comme s\u00e9lectionneur au festival Entrevues de Belfort.<\/p>\n\n\n\n<p class=\"has-small-font-size\">En 2003, il \u00e9crit et r\u00e9alise son premier court m\u00e9trage,<em>&nbsp;Lenz \u00e9chapp\u00e9<\/em>, s\u00e9lectionn\u00e9 dans de nombreux festivals en France. Il r\u00e9alise par la suite&nbsp;<a rel=\"noreferrer noopener\" href=\"https:\/\/www.film-documentaire.fr\/4DACTION\/w_fiche_film\/25692_1\" target=\"_blank\"><em>Le Temps des gr\u00e2ces<\/em><\/a><em>&nbsp;<\/em>(2010),&nbsp;<a rel=\"noreferrer noopener\" href=\"https:\/\/www.film-documentaire.fr\/4DACTION\/w_fiche_film\/40834_1\" target=\"_blank\"><em>La Ligne de partage des eaux&nbsp;<\/em><\/a>(2014) et&nbsp;<a rel=\"noreferrer noopener\" href=\"https:\/\/www.film-documentaire.fr\/4DACTION\/w_fiche_film\/51445_1\" target=\"_blank\"><em>Nul homme n&rsquo;est une \u00eele<\/em><\/a><em>&nbsp;<\/em>(2018), trois documentaires marquants, o\u00f9 l&rsquo;auteur trace une oeuvre d\u00e9di\u00e9e au paysage, \u00e0 la politique, \u00e0 l&rsquo;\u00e9cologie.<\/p>\n\n\n\n<p class=\"has-small-font-size\">En 2023, il re\u00e7oit le prix Jean Vigo pour son film&nbsp;<a rel=\"noreferrer noopener\" href=\"http:\/\/www.film-documentaire.fr\/4DACTION\/w_fiche_film\/69486\" target=\"_blank\">La Rivi\u00e8re<\/a>.<\/p>\n\n\n\n<p><strong>Le SAGYRC <\/strong><\/p>\n\n\n\n<p class=\"has-small-font-size\">Le SAGYRC (Syndicat Mixte d\u2019Am\u00e9nagement et de Gestion de l\u2019Yzeron, du Ratier et du Charbonni\u00e8res) est en charge de la gestion et des am\u00e9nagements des cours d\u2019eau du bassin versant de l\u2019Yzeron. Il regroupe 5 intercommunalit\u00e9s et 19 communes de l\u2019ouest lyonnais. Parce que la gestion de l\u2019eau est l\u2019affaire de tous, il m\u00e8ne l\u2019ensemble de ses missions en concertation avec ses partenaires et les usagers de la rivi\u00e8re.<\/p>\n\n\n\n<p class=\"has-small-font-size\"><strong>La presse au sujet de <em>La Rivi\u00e8re : <\/em><\/strong><\/p>\n\n\n\n<div class=\"wp-block-media-text alignwide is-stacked-on-mobile\" style=\"grid-template-columns:30% auto\"><figure class=\"wp-block-media-text__media\"><img loading=\"lazy\" decoding=\"async\" width=\"557\" height=\"720\" src=\"https:\/\/cosmos-culture-ecologie.com\/wp-content\/uploads\/2023\/12\/Une-Liberation.jpeg\" alt=\"\" class=\"wp-image-2734 size-full\" srcset=\"https:\/\/cosmos-culture-ecologie.com\/wp-content\/uploads\/2023\/12\/Une-Liberation.jpeg 557w, https:\/\/cosmos-culture-ecologie.com\/wp-content\/uploads\/2023\/12\/Une-Liberation-232x300.jpeg 232w\" sizes=\"auto, (max-width: 557px) 85vw, 557px\" \/><\/figure><div class=\"wp-block-media-text__content\">\n<p class=\"has-small-font-size\"><em><strong>Lib\u00e9ration<\/strong><\/em> : Dominique Marchais (apr\u00e8s <em>Le Temps des gr\u00e2ces<\/em>, <em>La Ligne de partage des eaux<\/em> et <em>Nul homme n\u2019est une \u00eele<\/em>) invente des fa\u00e7ons de regarder son insaisissable sujet, par l\u2019interm\u00e9diaire du regard de ceux qui l\u2019observent et s\u2019en occupent. Elles correspondent aux formes potentielles, successives, d\u2019un cin\u00e9ma radicalement \u00e9cologique.<\/p>\n\n\n\n<p class=\"has-small-font-size\"><em><strong>L&rsquo;Humanit\u00e9<\/strong><\/em> : Avec ces explorations sur le terrain, entrecoup\u00e9es de majestueux et g\u00e9n\u00e9reux panoramiques sur ces cours d\u2019eau encore un peu sauvages, Dominique Marchais s\u2019affirme comme le chef de file du documentaire \u00e9cologique en France.<\/p>\n<\/div><\/div>\n\n\n\n<p class=\"has-small-font-size\"><em><strong>L&rsquo;Obs<\/strong> : <\/em>En donnant la parole aux p\u00eacheurs, scientifiques, militants \u00e9cologistes, Dominique Marchais souligne la gravit\u00e9 du sujet tout en ouvrant quelques br\u00e8ches d\u2019optimisme.<\/p>\n\n\n\n<p class=\"has-small-font-size\"><em><strong>La Croix<\/strong> : <\/em>Dans un documentaire sensible, Dominique Marchais traque derri\u00e8re la beaut\u00e9 d\u2019une nature originelle les changements invisibles qui menacent son \u00e9cosyst\u00e8me.<\/p>\n\n\n\n<p class=\"has-small-font-size\"><em><strong>Le<\/strong> <strong>Monde<\/strong> : <\/em>Dominique Marchais part \u00e0 la recherche de l\u2019invisible, filme les gestes d\u2019experts pr\u00e9levant des indices sous la surface (de l\u2019eau, des sols), et c\u2019est dans l\u2019infrapaysage qu\u2019op\u00e8re cette \u0153uvre en eau douce et radicale.<\/p>\n\n\n\n<p><\/p>\n\n\n\n<p class=\"has-text-align-center has-small-font-size\"><strong>En partenariat avec Le Sagyrc et le Cin\u00e9 Mourguet. Remerciements \u00e0 M\u00e9t\u00e9ore Films. <\/strong><\/p>\n\n\n\n<p class=\"has-small-font-size\"><strong>Cosmos &#8211; culture et \u00e9cologie b\u00e9n\u00e9ficie du soutien de la M\u00e9tropole de Lyon. <\/strong><\/p>\n\n\n\n<figure class=\"wp-block-image size-full is-resized\"><img loading=\"lazy\" decoding=\"async\" src=\"https:\/\/cosmos-culture-ecologie.com\/wp-content\/uploads\/2023\/12\/Metropole-de-Lyon_Logo-2022_DEFONCE_ROUGE.png\" alt=\"\" class=\"wp-image-2741\" width=\"154\" height=\"54\" srcset=\"https:\/\/cosmos-culture-ecologie.com\/wp-content\/uploads\/2023\/12\/Metropole-de-Lyon_Logo-2022_DEFONCE_ROUGE.png 803w, https:\/\/cosmos-culture-ecologie.com\/wp-content\/uploads\/2023\/12\/Metropole-de-Lyon_Logo-2022_DEFONCE_ROUGE-300x105.png 300w, https:\/\/cosmos-culture-ecologie.com\/wp-content\/uploads\/2023\/12\/Metropole-de-Lyon_Logo-2022_DEFONCE_ROUGE-768x270.png 768w\" sizes=\"auto, (max-width: 154px) 85vw, 154px\" \/><\/figure>\n\n\n\n<p><\/p>\n\n\n\n<p><\/p>\n","protected":false},"excerpt":{"rendered":"<p>En mars, nous mettrons la rivi\u00e8re \u00e0 l&rsquo;honneur, avec une s\u00e9ance de ce film merveilleux et passionnant, un grand documentaire de cin\u00e9ma sorti en novembre dernier : La Rivi\u00e8re de Dominique Marchais. La s\u00e9ance sera accompagn\u00e9e par l&rsquo;\u00e9quipe du Sagyrc (Syndicat Intercommunal du Bassin de l&rsquo;Yzeron). Et nous continuerons notre exploration de la rivi\u00e8re avec &hellip; <a href=\"https:\/\/cosmos-culture-ecologie.com\/?page_id=2722\" class=\"more-link\">Continuer la lecture<span class=\"screen-reader-text\"> de &laquo;&nbsp;\u00ab\u00a0La Rivi\u00e8re\u00a0\u00bb de Dominique Marchais : projection, rencontre et balade-d\u00e9couverte&nbsp;&raquo;<\/span><\/a><\/p>\n","protected":false},"author":1,"featured_media":0,"parent":0,"menu_order":0,"comment_status":"closed","ping_status":"closed","template":"","meta":{"footnotes":""},"class_list":["post-2722","page","type-page","status-publish","hentry"],"_links":{"self":[{"href":"https:\/\/cosmos-culture-ecologie.com\/index.php?rest_route=\/wp\/v2\/pages\/2722","targetHints":{"allow":["GET"]}}],"collection":[{"href":"https:\/\/cosmos-culture-ecologie.com\/index.php?rest_route=\/wp\/v2\/pages"}],"about":[{"href":"https:\/\/cosmos-culture-ecologie.com\/index.php?rest_route=\/wp\/v2\/types\/page"}],"author":[{"embeddable":true,"href":"https:\/\/cosmos-culture-ecologie.com\/index.php?rest_route=\/wp\/v2\/users\/1"}],"replies":[{"embeddable":true,"href":"https:\/\/cosmos-culture-ecologie.com\/index.php?rest_route=%2Fwp%2Fv2%2Fcomments&post=2722"}],"version-history":[{"count":14,"href":"https:\/\/cosmos-culture-ecologie.com\/index.php?rest_route=\/wp\/v2\/pages\/2722\/revisions"}],"predecessor-version":[{"id":2825,"href":"https:\/\/cosmos-culture-ecologie.com\/index.php?rest_route=\/wp\/v2\/pages\/2722\/revisions\/2825"}],"wp:attachment":[{"href":"https:\/\/cosmos-culture-ecologie.com\/index.php?rest_route=%2Fwp%2Fv2%2Fmedia&parent=2722"}],"curies":[{"name":"wp","href":"https:\/\/api.w.org\/{rel}","templated":true}]}}