{"id":2340,"date":"2023-03-02T11:27:09","date_gmt":"2023-03-02T10:27:09","guid":{"rendered":"https:\/\/cosmos-culture-ecologie.com\/?page_id=2340"},"modified":"2023-05-05T09:35:26","modified_gmt":"2023-05-05T07:35:26","slug":"journee-de-la-creation-de-larp","status":"publish","type":"page","link":"https:\/\/cosmos-culture-ecologie.com\/?page_id=2340","title":{"rendered":"Journ\u00e9e de la cr\u00e9ation de L&rsquo;ARP"},"content":{"rendered":"\n<p><\/p>\n\n\n\n<figure class=\"wp-block-image size-large\"><img loading=\"lazy\" decoding=\"async\" width=\"1024\" height=\"341\" src=\"https:\/\/cosmos-culture-ecologie.com\/wp-content\/uploads\/2023\/03\/6_1500-X-500-Cover-Twitter-1024x341.png\" alt=\"\" class=\"wp-image-2346\" srcset=\"https:\/\/cosmos-culture-ecologie.com\/wp-content\/uploads\/2023\/03\/6_1500-X-500-Cover-Twitter-1024x341.png 1024w, https:\/\/cosmos-culture-ecologie.com\/wp-content\/uploads\/2023\/03\/6_1500-X-500-Cover-Twitter-300x100.png 300w, https:\/\/cosmos-culture-ecologie.com\/wp-content\/uploads\/2023\/03\/6_1500-X-500-Cover-Twitter-768x256.png 768w, https:\/\/cosmos-culture-ecologie.com\/wp-content\/uploads\/2023\/03\/6_1500-X-500-Cover-Twitter-1200x400.png 1200w, https:\/\/cosmos-culture-ecologie.com\/wp-content\/uploads\/2023\/03\/6_1500-X-500-Cover-Twitter.png 1500w\" sizes=\"auto, (max-width: 709px) 85vw, (max-width: 909px) 67vw, (max-width: 1362px) 62vw, 840px\" \/><\/figure>\n\n\n\n<figure class=\"wp-block-table\"><table><tbody><tr><td class=\"has-text-align-center\" data-align=\"center\"><strong>Cin\u00e9ma, \u00c9cologie, Nature &amp; Cr\u00e9ation<\/strong>\u00a0<strong>\u00a0<\/strong><br><strong>Mardi 18 avril\u00a0<\/strong><br>Au <strong>Cin\u00e9ma des Cin\u00e9astes<\/strong>, 7 Av. de Clichy, 75017 Paris<br><strong>Et en<\/strong> <strong>ligne et en replay<\/strong> sur <a href=\"https:\/\/larptheque.larp.fr\/\">larptheque.larp.fr<\/a><br><br><strong><em>Journ\u00e9e propos\u00e9e par Les Cin\u00e9astes de L&rsquo;ARP<\/em><\/strong><\/td><\/tr><\/tbody><\/table><\/figure>\n\n\n\n<h2 class=\"has-text-align-center wp-block-heading\" style=\"font-size:18px\"><strong>Retrouvez en replay <a rel=\"noreferrer noopener\" href=\"https:\/\/larptheque.larp.fr\/index.php\/2023\/02\/22\/journee-de-la-creation-2023\/\" target=\"_blank\">ici<\/a><\/strong> <strong>l&rsquo;ensemble des rencontres et interventions<\/strong> !<\/h2>\n\n\n\n<figure class=\"wp-block-table\"><table><tbody><tr><td>Les Cin\u00e9astes de L&rsquo;ARP vous donnent rendez-vous le mardi 18 avril \u00e0 partir de 14h au Cin\u00e9ma des Cin\u00e9astes. <br>Ouverte \u00e0 toutes et \u00e0 tous, gratuitement, la 5\u00e8me \u00e9dition de la Journ\u00e9e de la Cr\u00e9ation sera l&rsquo;occasion pour des cr\u00e9ateurs de tous horizons d&rsquo;\u00e9changer sur la place de l&rsquo;\u00e9cologie et de la Nature dans leur imaginaire et leurs cr\u00e9ations.&nbsp;&nbsp;<br><strong>D\u00e9couvrez le programme complet et tous les intervenants !<\/strong><br>&nbsp;<br><strong><u>PROGRAMME COMPLET<\/u><\/strong><br>&nbsp;<br><strong><u>14h<\/u><\/strong>:&nbsp;<strong>Introduction de la Journ\u00e9e par Christophe Blain<\/strong><br>Introduction anim\u00e9e par&nbsp;<strong>Quentin Legeard&nbsp;<\/strong>(Librairie de Paris).<br>Avec :<br><strong>\u2022 Christophe Blain<\/strong>,Illustrateur et Co-auteur, avec Jean-Marc Jancovici, de la bande dessin\u00e9e&nbsp;<a rel=\"noreferrer noopener\" href=\"http:\/\/y05q.mjt.lu\/lnk\/AW8AABN1lqoAAcpwtpwAARzWmFMAAAAB5z0AnMKMAAuRqABkLBRrkmT3_azVSGOoywWNxJo9fQALqto\/2\/0rUBeBZQNd8PtaimrxT-lw\/aHR0cHM6Ly93d3cuZGFyZ2F1ZC5jb20vYmQvbGUtbW9uZGUtc2Fucy1maW4tbWlyYWNsZS1lbmVyZ2V0aXF1ZS1ldC1kZXJpdmUtY2xpbWF0aXF1ZS1iZGE1Mzc4MDgw\" target=\"_blank\"><em><u>Le Monde sans fin<\/u><\/em><\/a><br><em>Cette introduction sera bas\u00e9e sur le processus cr\u00e9atif de cet ouvrage qui aborde, avec inventivit\u00e9 et humour, les questions fondamentales li\u00e9es aux enjeux \u00e9nerg\u00e9tiques et climatiques.<\/em><br>&nbsp;<br><strong><u>15h<\/u>&nbsp;<\/strong>:&nbsp;<strong>Pourquoi et comment raconter la Nature ?&nbsp;<\/strong><br>Table ronde anim\u00e9e par&nbsp;<strong>Perrine Quennesson<\/strong>, Journaliste et Critique cin\u00e9ma.<br>Avec :<br>\u2022&nbsp;<strong>Jean-Michel Bertrand<\/strong>, R\u00e9alisateur et Photographe (<em>La Vall\u00e9e des loups, Marche avec les loups<\/em>&#8230;)&nbsp;<br>\u2022&nbsp;<strong>St\u00e9phane Cazes<\/strong>, R\u00e9alisateur et Sc\u00e9nariste (<em>Les T\u00eates givr\u00e9es<\/em>&#8230;)&nbsp;<br>\u2022&nbsp;<strong>Laurent Charbonnier<\/strong>, R\u00e9alisateur et Sc\u00e9nariste (<em>Le Ch\u00eane<\/em>&#8230;)<br>\u2022&nbsp;<strong>Marie-Laure Daridan<\/strong>, Directrice des relations institutionnelles de Netflix France<br>\u2022&nbsp;<strong>Pierre Jolivet,&nbsp;<\/strong>Cin\u00e9aste de L&rsquo;ARP (<em>Algues vertes, l&rsquo;histoire interdite&#8230;<\/em>)<br>\u2022&nbsp;<strong>S\u00e9bastien Marnier<\/strong>, Romancier, R\u00e9alisateur et Sc\u00e9nariste (<em>L&rsquo;Heure de la sortie<\/em>&#8230;)<br>\u2022&nbsp;<strong>Val\u00e9rie Schermann<\/strong>,Productrice (<em>La Tortue rouge<\/em>,&nbsp;<em>La Fameuse invasion des ours en Sicile<\/em>\u2026)<br><em>Cin\u00e9astes, sc\u00e9naristes et productrice interrogeront la place de la Nature sous le prisme de la narration : quels r\u00e9cits pour raconter l&rsquo;environnement et le vivant ? Comment l&rsquo;\u00e9cologie se raconte-t-elle ? Par quels codes narratifs ? Sous quels angles, \u00e0 travers quelles formes et quels genres ?<\/em><br>&nbsp;<br><strong><u>17h<\/u>&nbsp;<\/strong>:<strong>&nbsp;Quels choix artistiques dans la mise en sc\u00e8ne, l&rsquo;image, le son et la musique ?&nbsp;<\/strong><br>Cas pratique anim\u00e9 par&nbsp;<strong>Pierre Charpilloz<\/strong>, Journaliste et Critique cin\u00e9ma, autour du film&nbsp;<a rel=\"noreferrer noopener\" href=\"http:\/\/y05q.mjt.lu\/lnk\/AW8AABN1lqoAAcpwtpwAARzWmFMAAAAB5z0AnMKMAAuRqABkLBRrkmT3_azVSGOoywWNxJo9fQALqto\/3\/kd4SsGeC2AJFr1Hquzq32A\/aHR0cHM6Ly93d3cuYWxsb2NpbmUuZnIvZmlsbS9maWNoZWZpbG1fZ2VuX2NmaWxtPTI4MzU4My5odG1s\" target=\"_blank\"><em><u>La Montagne<\/u><\/em><\/a>, de Thomas Salvador (Prix du Jury au Festival International du Film Fantastique de G\u00e9rardmer 2023).<br>Avec :<br>\u2022&nbsp;<strong>Thomas Salvador<\/strong>, R\u00e9alisateur, Sc\u00e9nariste, Com\u00e9dien (<em>La Montagne, Vincent n&rsquo;a pas d&rsquo;\u00e9cailles<\/em>&#8230;)<br>\u2022&nbsp;<strong>Julie Salvador<\/strong>, Productrice (Christmas in July)<br><em>Ce cas pratique interrogera, autour d\u2019extraits du film, les choix artistiques dans la mise en sc\u00e8ne, dans l\u2019\u00e9clairage, le son, la musique\u2026&nbsp;<\/em><br>&nbsp;<br><strong><u>18h30<\/u>&nbsp;<\/strong>:<strong>&nbsp;Cr\u00e9ation, R\u00e9action, Action &nbsp;<\/strong><br>Conversation anim\u00e9e par&nbsp;<strong>L\u00e9olo Victor-Pujebet<\/strong>, Fondateur de Horschamp.<br>Avec :<br>\u2022&nbsp;<strong>Jean-Fran\u00e7ois Camilleri<\/strong>, Producteur et Distributeur (Echo Studio)<br>\u2022&nbsp;<strong>Charlotte Cosson<\/strong>, \u00c9crivaine et Historienne de l&rsquo;Art<br>\u2022&nbsp;<strong>St\u00e9phane Durand<\/strong>, Biologiste et Directeur de la collection Mondes Sauvages chez Actes Sud<br>\u2022&nbsp;<strong>Albane Godard<\/strong>, Directrice G\u00e9n\u00e9rale de la Fondation GoodPlanet<br>\u2022&nbsp;<strong>Jan Kounen<\/strong>, Cin\u00e9aste de L&rsquo;ARP (<em>Blueberry<\/em>,&nbsp;<em>-22,7\u00b0C<\/em>&#8230;)<br>\u2022&nbsp;<strong>Juliette Vigoureux<\/strong>,Consultante en d\u00e9veloppement durable dans l&rsquo;industrie cin\u00e9matographique<br><em>Regards crois\u00e9s engag\u00e9s et engageantsavec des personnalit\u00e9s qui questionneront ensemble les raisons et la mani\u00e8re dont l\u2019\u00e9cologie se raconte \u00e0 travers les images, et comment elle s\u2019empare des r\u00e9cits.<\/em><br>&nbsp;<br><strong><u>20h<\/u><\/strong>:&nbsp;<strong>Hommage \u00e0 Jacques Perrin&nbsp;<\/strong>&nbsp;<br>Hommage anim\u00e9 par&nbsp;<strong>Christophe Barratier<\/strong>, Cin\u00e9aste de L&rsquo;ARP.<br>Avec :<br>\u2022&nbsp;<strong>Philippe Baisadouli<\/strong>, Directeur de production<br>\u2022&nbsp;<strong>Olli Barb\u00e9<\/strong>, Directeur de production<br>\u2022&nbsp;<strong>Philippe Barbeau<\/strong>, Ing\u00e9nieur du son<br>\u2022&nbsp;<strong>Sylvie Carsedo<\/strong>, Cheffe op\u00e9ratrice<br>\u2022&nbsp;<strong>Jacques Cluzaud<\/strong>, R\u00e9alisateur<br>\u2022&nbsp;<strong>Bruno Coulais<\/strong>, Compositeur<br>\u2022&nbsp;<strong>St\u00e9phane Durand<\/strong>, Co-auteur et Conseiller scientifique de Jacques Perrin<br>\u2022&nbsp;<strong>Mathieu Simonet<\/strong>, R\u00e9alisateur, Photographe et Com\u00e9dien<br><em>T\u00e9moignages de personnalit\u00e9s ayant travaill\u00e9 aux c\u00f4t\u00e9s de Jacques Perrin, qui fut Cin\u00e9aste de L&rsquo;ARP, suivis de la projection d&rsquo;un de ses films cultes :&nbsp;<\/em><a rel=\"noreferrer noopener\" href=\"http:\/\/y05q.mjt.lu\/lnk\/AW8AABN1lqoAAcpwtpwAARzWmFMAAAAB5z0AnMKMAAuRqABkLBRrkmT3_azVSGOoywWNxJo9fQALqto\/4\/j62vuku0Ll-UWu8jLLsnYw\/aHR0cHM6Ly93d3cuYWxsb2NpbmUuZnIvcmVjaGVyY2hlci8_cT1sZStwZXVwbGUrbWlncmF0ZXVy\" target=\"_blank\"><em><strong><u>Le Peuple Migrateur<\/u><\/strong><\/em><\/a><em>.<\/em><br>&nbsp;<br>La Journ\u00e9e de la Cr\u00e9ation est gratuite, ouverte \u00e0 toutes et tous.&nbsp;<br><br>Elle aura lieu au Cin\u00e9ma des Cin\u00e9astes et sera diffus\u00e9e en direct et en replay sur&nbsp;<a rel=\"noreferrer noopener\" href=\"http:\/\/y05q.mjt.lu\/lnk\/AW8AABN1lqoAAcpwtpwAARzWmFMAAAAB5z0AnMKMAAuRqABkLBRrkmT3_azVSGOoywWNxJo9fQALqto\/5\/CnP1hUomvmSElqJZenIZAQ\/aHR0cHM6Ly9sYXJwdGhlcXVlLmxhcnAuZnIvaW5kZXgucGhwLzIwMjMvMDIvMjIvam91cm5lZS1kZS1sYS1jcmVhdGlvbi0yMDIzLw\" target=\"_blank\"><u>l&rsquo;Arpth\u00e8que<\/u><\/a>.<\/td><\/tr><\/tbody><\/table><\/figure>\n\n\n\n<p class=\"has-text-align-center\" style=\"font-size:18px\"><meta charset=\"utf-8\"><strong>Retrouvez en replay <a rel=\"noreferrer noopener\" href=\"https:\/\/larptheque.larp.fr\/index.php\/2023\/02\/22\/journee-de-la-creation-2023\/\" target=\"_blank\">ici<\/a><\/strong> <strong>l&rsquo;ensemble des rencontres et interventions<\/strong> !<\/p>\n\n\n\n<p><em><a rel=\"noreferrer noopener\" href=\"https:\/\/larp.fr\/events\/journee-de-la-creation-4eme-edition-2\/\" target=\"_blank\">Une journ\u00e9e propos\u00e9e par L&rsquo;ARP<\/a>, accompagn\u00e9e par Cosmos &#8211; culture et \u00e9cologie<\/em>. <\/p>\n","protected":false},"excerpt":{"rendered":"<p>Cin\u00e9ma, \u00c9cologie, Nature &amp; Cr\u00e9ation\u00a0\u00a0Mardi 18 avril\u00a0Au Cin\u00e9ma des Cin\u00e9astes, 7 Av. de Clichy, 75017 ParisEt en ligne et en replay sur larptheque.larp.fr Journ\u00e9e propos\u00e9e par Les Cin\u00e9astes de L&rsquo;ARP Retrouvez en replay ici l&rsquo;ensemble des rencontres et interventions ! Les Cin\u00e9astes de L&rsquo;ARP vous donnent rendez-vous le mardi 18 avril \u00e0 partir de 14h &hellip; <a href=\"https:\/\/cosmos-culture-ecologie.com\/?page_id=2340\" class=\"more-link\">Continuer la lecture<span class=\"screen-reader-text\"> de &laquo;&nbsp;Journ\u00e9e de la cr\u00e9ation de L&rsquo;ARP&nbsp;&raquo;<\/span><\/a><\/p>\n","protected":false},"author":1,"featured_media":0,"parent":0,"menu_order":0,"comment_status":"closed","ping_status":"closed","template":"","meta":{"footnotes":""},"class_list":["post-2340","page","type-page","status-publish","hentry"],"_links":{"self":[{"href":"https:\/\/cosmos-culture-ecologie.com\/index.php?rest_route=\/wp\/v2\/pages\/2340","targetHints":{"allow":["GET"]}}],"collection":[{"href":"https:\/\/cosmos-culture-ecologie.com\/index.php?rest_route=\/wp\/v2\/pages"}],"about":[{"href":"https:\/\/cosmos-culture-ecologie.com\/index.php?rest_route=\/wp\/v2\/types\/page"}],"author":[{"embeddable":true,"href":"https:\/\/cosmos-culture-ecologie.com\/index.php?rest_route=\/wp\/v2\/users\/1"}],"replies":[{"embeddable":true,"href":"https:\/\/cosmos-culture-ecologie.com\/index.php?rest_route=%2Fwp%2Fv2%2Fcomments&post=2340"}],"version-history":[{"count":10,"href":"https:\/\/cosmos-culture-ecologie.com\/index.php?rest_route=\/wp\/v2\/pages\/2340\/revisions"}],"predecessor-version":[{"id":2462,"href":"https:\/\/cosmos-culture-ecologie.com\/index.php?rest_route=\/wp\/v2\/pages\/2340\/revisions\/2462"}],"wp:attachment":[{"href":"https:\/\/cosmos-culture-ecologie.com\/index.php?rest_route=%2Fwp%2Fv2%2Fmedia&parent=2340"}],"curies":[{"name":"wp","href":"https:\/\/api.w.org\/{rel}","templated":true}]}}