{"id":2255,"date":"2023-01-27T14:56:29","date_gmt":"2023-01-27T13:56:29","guid":{"rendered":"https:\/\/cosmos-culture-ecologie.com\/?page_id=2255"},"modified":"2023-01-27T15:09:05","modified_gmt":"2023-01-27T14:09:05","slug":"ressources-autour-des-forets","status":"publish","type":"page","link":"https:\/\/cosmos-culture-ecologie.com\/?page_id=2255","title":{"rendered":"Ressources autour des for\u00eats"},"content":{"rendered":"\n<p>En \u00e9cho \u00e0 la soir\u00e9e autour du documentaire <em>Le Temps des for\u00eats<\/em>, jeudi 26 janvier 2023, avec le SMIRIL, voici quelques ressources : <\/p>\n\n\n\n<p><strong>Bibliographie<\/strong><\/p>\n\n\n\n<ul class=\"wp-block-list\"><li><em> Les for\u00eats<\/em>, Hors-s\u00e9rie de la r\u00e9vue \u00ab\u00a0La rel\u00e8ve et la peste\u00a0\u00bb<\/li><li>\u00ab\u00a0Main basse sur nos for\u00eats\u00a0\u00bb de Gaspard d&rsquo;Allens (Seuil, 2019)<\/li><\/ul>\n\n\n\n<ul class=\"wp-block-list\"><li>Genevi\u00e8ve Michon,\u00a0<em>Agriculteurs \u00e0 l\u2019ombre des for\u00eats du monde<\/em>, Actes Sud (2015)<\/li><li>Fabrice Desjours,\u00a0<em>Jardins-For\u00eats: Un nouvel art de vivre et de produire<\/em>, \u00c9ditions de Terran (2019). Pr\u00e9face de Genevi\u00e8ve Michon.<\/li><li>Ernst Z\u00fcrcher,\u00a0<em>Les Arbres entre visible et invisible<\/em>, Actes Sud (2016)<\/li><li>Philippe Domont &amp; Nikota Zaric,\u00a0<em>La for\u00eat en 301 questions \/ r\u00e9ponses: Guide des curieux en for\u00eat<\/em>, \u00c9dit\u00e9 par l\u2019Association suisse des forestiers (1999)<\/li><li>Francis Hall\u00e9,\u00a0<em>Plaidoyer pour l\u2019arbre<\/em>, Actes Sud (2005)<\/li><li>Jean Giono,\u00a0<em>L\u2019Homme qui plantait des arbres<\/em>, \u00c9ditions Gallimard (1983 pour le texte, 2017 pour les illustrations)<\/li><\/ul>\n\n\n\n<p><strong>Emissions TV et Radio<\/strong><\/p>\n\n\n\n<p>> Replay de la soir\u00e9e \u00ab\u00a0<a rel=\"noreferrer noopener\" href=\"https:\/\/www.france.tv\/france-2\/aux-arbres-citoyens\/\" target=\"_blank\">Aux arbres citoyens<\/a>\u00a0\u00bb du 8\/11 sur France T\u00e9l\u00e9visions avec la pr\u00e9sence d&rsquo;une protagoniste du film (Groupement Forestier Citoyen du Morvan)<\/p>\n\n\n\n<p>> Podcast : <a href=\"https:\/\/www.radiofrance.fr\/franceculture\/podcasts\/les-pieds-sur-terre\/foret-du-morvan-halte-aux-coupes-rases-5082145\">Les Pieds sur terre &#8211; For\u00eat du Morvan\u00a0: halte aux coupes rases\u00a0!, vendredi 2 septembre 2022<\/a><\/p>\n\n\n\n<p><\/p>\n\n\n\n<p><strong>Associations<\/strong><\/p>\n\n\n\n<p><a href=\"https:\/\/www.foretprimaire-francishalle.org\/\">Association Francis Hall\u00e9 pour la for\u00eat primaire<\/a><\/p>\n\n\n\n<p>Le projet L\u2019Arbre t\u00e9moin par&nbsp;<a href=\"https:\/\/grainesurbaines.fr\/2021\/10\/29\/larbre-temoin-un-projet-intergenerationnel\/\">Graines Urbaines Lyon<\/a><\/p>\n\n\n\n<p><a href=\"https:\/\/desenfantsetdesarbres.org\/\">Des enfants et des arbres<\/a><\/p>\n\n\n\n<p><a href=\"https:\/\/foretgourmande.fr\/\">La For\u00eat gourmande<\/a><\/p>\n\n\n\n<p><a href=\"https:\/\/www.arbres.org\/\" target=\"_blank\" rel=\"noreferrer noopener\">A.R.B.R.E.S.<\/a><\/p>\n\n\n\n<p><a rel=\"noreferrer noopener\" href=\"https:\/\/www.agroforesterie.fr\/index.php\" target=\"_blank\">Association fran\u00e7aise d\u2019agroforesterie<\/a><\/p>\n\n\n\n<p><a rel=\"noreferrer noopener\" href=\"https:\/\/www.canopee-asso.org\/\" target=\"_blank\">Canop\u00e9e<\/a><\/p>\n\n\n\n<p><a rel=\"noreferrer noopener\" href=\"http:\/\/www.foretsanciennes.fr\/\" target=\"_blank\">For\u00eats anciennes \u00e0 haute valeur de conservation<\/a><\/p>\n\n\n\n<p><a href=\"https:\/\/www.foret-naturalite.be\/\" target=\"_blank\" rel=\"noreferrer noopener\">For\u00eat et Naturalit\u00e9<\/a><\/p>\n\n\n\n<p><a rel=\"noreferrer noopener\" href=\"http:\/\/www.forets-sauvages.fr\/\" target=\"_blank\">For\u00eats Sauvages<\/a><\/p>\n\n\n\n<p><a rel=\"noreferrer noopener\" href=\"https:\/\/www.alternativesforestieres.org\/\" target=\"_blank\">Le R\u00e9seau des Alternatives Foresti\u00e8res<\/a>, qui rassemblent les bucherons, scieries, forestiers et charpentiers etc. et qui promeut une for\u00eat vivante et habit\u00e9e<\/p>\n\n\n\n<p><a rel=\"noreferrer noopener\" href=\"http:\/\/refora.online.fr\/FRENE\/Rapport_activites_FRENE_2009-2013.pdf\" target=\"_blank\">R\u00e9seau FRENE (FoR\u00eats en libre \u00c9volution NaturElle)<\/a><\/p>\n\n\n\n<p><a href=\"https:\/\/sosforetfrance.org\/\" target=\"_blank\" rel=\"noreferrer noopener\">SOS For\u00eat<\/a><\/p>\n\n\n\n<p><a rel=\"noreferrer noopener\" href=\"http:\/\/www.vieillesforets.com\/\" target=\"_blank\">Vieilles For\u00eats<\/a><\/p>\n\n\n\n<p>Collectif \u00ab\u00a0<a href=\"https:\/\/sosforetfrance.org\/index.php\/appel-pour-des-forets-vivantes-je-signe\/\">Appel pour les for\u00eats vivantes<\/a>\u00a0\u00bb qui souhaite poser les bases d&rsquo;un mouvement populaire pour la d\u00e9fense de la for\u00eat<\/p>\n","protected":false},"excerpt":{"rendered":"<p>En \u00e9cho \u00e0 la soir\u00e9e autour du documentaire Le Temps des for\u00eats, jeudi 26 janvier 2023, avec le SMIRIL, voici quelques ressources : Bibliographie Les for\u00eats, Hors-s\u00e9rie de la r\u00e9vue \u00ab\u00a0La rel\u00e8ve et la peste\u00a0\u00bb \u00ab\u00a0Main basse sur nos for\u00eats\u00a0\u00bb de Gaspard d&rsquo;Allens (Seuil, 2019) Genevi\u00e8ve Michon,\u00a0Agriculteurs \u00e0 l\u2019ombre des for\u00eats du monde, Actes Sud &hellip; <a href=\"https:\/\/cosmos-culture-ecologie.com\/?page_id=2255\" class=\"more-link\">Continuer la lecture<span class=\"screen-reader-text\"> de &laquo;&nbsp;Ressources autour des for\u00eats&nbsp;&raquo;<\/span><\/a><\/p>\n","protected":false},"author":1,"featured_media":0,"parent":0,"menu_order":0,"comment_status":"closed","ping_status":"closed","template":"","meta":{"footnotes":""},"class_list":["post-2255","page","type-page","status-publish","hentry"],"_links":{"self":[{"href":"https:\/\/cosmos-culture-ecologie.com\/index.php?rest_route=\/wp\/v2\/pages\/2255","targetHints":{"allow":["GET"]}}],"collection":[{"href":"https:\/\/cosmos-culture-ecologie.com\/index.php?rest_route=\/wp\/v2\/pages"}],"about":[{"href":"https:\/\/cosmos-culture-ecologie.com\/index.php?rest_route=\/wp\/v2\/types\/page"}],"author":[{"embeddable":true,"href":"https:\/\/cosmos-culture-ecologie.com\/index.php?rest_route=\/wp\/v2\/users\/1"}],"replies":[{"embeddable":true,"href":"https:\/\/cosmos-culture-ecologie.com\/index.php?rest_route=%2Fwp%2Fv2%2Fcomments&post=2255"}],"version-history":[{"count":4,"href":"https:\/\/cosmos-culture-ecologie.com\/index.php?rest_route=\/wp\/v2\/pages\/2255\/revisions"}],"predecessor-version":[{"id":2264,"href":"https:\/\/cosmos-culture-ecologie.com\/index.php?rest_route=\/wp\/v2\/pages\/2255\/revisions\/2264"}],"wp:attachment":[{"href":"https:\/\/cosmos-culture-ecologie.com\/index.php?rest_route=%2Fwp%2Fv2%2Fmedia&parent=2255"}],"curies":[{"name":"wp","href":"https:\/\/api.w.org\/{rel}","templated":true}]}}