{"id":1676,"date":"2022-02-14T11:15:06","date_gmt":"2022-02-14T10:15:06","guid":{"rendered":"https:\/\/cosmos-culture-ecologie.com\/?page_id=1676"},"modified":"2023-11-17T15:32:00","modified_gmt":"2023-11-17T14:32:00","slug":"le-festival-du-film-nature-et-environnement-en-metropole-de-lyon","status":"publish","type":"page","link":"https:\/\/cosmos-culture-ecologie.com\/?page_id=1676","title":{"rendered":"Le Festival du film Nature et Environnement en M\u00e9tropole de Lyon !"},"content":{"rendered":"\n<p><\/p>\n\n\n\n<p class=\"has-text-align-center has-medium-font-size\"><strong>Le Festival international du Film Nature &amp; Environnement Is\u00e8re en tourn\u00e9e en M\u00e9tropole de Lyon&nbsp;<\/strong><\/p>\n\n\n\n<p><\/p>\n\n\n\n<p><strong>Un double \u00e9v\u00e9nement, avec deux s\u00e9ances et deux films, propos\u00e9 par FNE Rh\u00f4ne et Cosmos &#8211; culture et \u00e9cologie, en partenariat avec FNE Is\u00e8re, et avec le soutien de la M\u00e9tropole de Lyon.<\/strong><\/p>\n\n\n\n<p class=\"has-normal-font-size\"><strong>Mercredi 30 mars \u00e0 18h30<br>Au Cin\u00e9 Rillieux, \u00e0 Rillieux-la-Pape&nbsp;<\/strong><\/p>\n\n\n\n<p class=\"has-normal-font-size\"><em><strong>Lynx<\/strong> <\/em>de Laurent Geslin<\/p>\n\n\n\n<p style=\"font-size:12px\"><em>(documentaire, 2021, 1h24)&nbsp;<\/em><\/p>\n\n\n\n<p class=\"has-normal-font-size\"><em><strong>En pr\u00e9sence de Patrice Franco<\/strong>, sp\u00e9cialiste du lynx (Directeur territorial Rh\u00f4ne, <a href=\"https:\/\/auvergne-rhone-alpes.lpo.fr\/\">LPO AuRA<\/a>)&nbsp;<\/em><\/p>\n\n\n\n<p style=\"font-size:14px\">Au c\u0153ur du massif jurassien, un appel \u00e9trange r\u00e9sonne \u00e0 la fin de l\u2019hiver. La superbe silhouette d\u2019un lynx bor\u00e9al se faufile parmi les h\u00eatres et les sapins. Il appelle sa femelle. En suivant la vie de ce couple et de ses chatons, nous d\u00e9couvrons un univers qui nous est proche et pourtant m\u00e9connu\u2026 Un conte authentique dont chamois, aigles, renards et hermines sont les t\u00e9moins de la vie secr\u00e8te du plus grand f\u00e9lin d\u2019Europe qui reste menac\u00e9. Un film pour d\u00e9couvrir le r\u00f4le essentiel que ce discret pr\u00e9dateur occupe dans nos for\u00eats, l\u2019\u00e9quilibre qu\u2019il a r\u00e9tabli dans un milieu fragile mais aussi les difficult\u00e9s qu\u2019il rencontre dans un paysage&nbsp; largement occup\u00e9 par les humains.<\/p>\n\n\n\n<p><em>S\u00e9ance adapt\u00e9e aux enfants ! <\/em>D\u00e8s 7 ans.<\/p>\n\n\n\n<p><strong><a href=\"https:\/\/www.ticketingcine.fr\/?nc=0145&amp;lang=fr&amp;ids=18842&amp;ps=erakys\">Billetterie<\/a> pour cette s\u00e9ance<\/strong><\/p>\n\n\n\n<p>Cin\u00e9 Rillieux, 81 bis Avenue de l&rsquo;Europe, 69140 Rillieux-la-Pape &#8211; Acc\u00e8s : <a href=\"https:\/\/www.tcl.fr\/itineraires\">Bus C5\/C2<\/a> : arr\u00eat L&rsquo;\u00e9chapp\u00e9e<\/p>\n\n\n\n<p><\/p>\n\n\n\n<p><\/p>\n\n\n\n<p class=\"has-normal-font-size\"><strong>Jeudi 31 mars \u00e0 20h<br>Au Cin\u00e9 Mourguet, \u00e0 Sainte-Foy-l\u00e8s-Lyon<\/strong><\/p>\n\n\n\n<p class=\"has-normal-font-size\"><strong><em>Une fois que tu sais <\/em><\/strong>d&rsquo;Emmanuel Cappellin <\/p>\n\n\n\n<p style=\"font-size:12px\">(documentaire, 2021, 1h44)<\/p>\n\n\n\n<p style=\"font-size:14px\">Confront\u00e9 \u00e0 la r\u00e9alit\u00e9 du changement climatique et \u00e0 l&rsquo;\u00e9puisement des ressources, le r\u00e9alisateur Emmanuel Cappellin prend conscience qu&rsquo;un effondrement de notre civilisation industrielle est in\u00e9vitable. Mais comment continuer \u00e0 vivre avec l&rsquo;id\u00e9e que l&rsquo;aventure humaine puisse \u00e9chouer ? Un documentaire ponctu\u00e9 d&rsquo;entretiens avec Pablo Servigne, Jean-Marc Jancovici, le penseur am\u00e9ricain Richard Heinberg, et deux activistes et experts du GIEC Saleemul Huq et Susanne Moser.<\/p>\n\n\n\n<p style=\"font-size:15px\"><em>Pr\u00e9sent\u00e9 par <strong>Pauline De Boever<\/strong> (Cosmos &#8211; culture et \u00e9cologie), et suivi d&rsquo;un \u00e9change interactif avec le public, anim\u00e9 par <strong>Muriel De Luca<\/strong> (Adrastia)<\/em><\/p>\n\n\n\n<p><strong><a href=\"https:\/\/cinemourguet.com\/programme\/evenements\/82\">Billetterie<\/a> pour cette s\u00e9ance<\/strong><\/p>\n\n\n\n<p style=\"font-size:14px\">Cin\u00e9 Mourguet, 15 Rue Deshay, 69110 Sainte-Foy-l\u00e8s-Lyon. Acc\u00e8s depuis le centre ville de Lyon: <a href=\"https:\/\/www.tcl.fr\/itineraires\">Bus C19<\/a> depuis Perrache, et descendre \u00e0 l&rsquo;arr\u00eat Mairie de Sainte-Foy-l\u00e8s-Lyon.<\/p>\n\n\n\n<p><\/p>\n\n\n\n<p>Avec le soutien de la M\u00e9tropole de Lyon.<\/p>\n\n\n\n<p style=\"font-size:15px\">Un double \u00e9v\u00e9nement propos\u00e9 par FNE Rh\u00f4ne et Cosmos &#8211; culture et \u00e9cologie, en partenariat avec FNE Is\u00e8re.<\/p>\n","protected":false},"excerpt":{"rendered":"<p>Le Festival international du Film Nature &amp; Environnement Is\u00e8re en tourn\u00e9e en M\u00e9tropole de Lyon&nbsp; Un double \u00e9v\u00e9nement, avec deux s\u00e9ances et deux films, propos\u00e9 par FNE Rh\u00f4ne et Cosmos &#8211; culture et \u00e9cologie, en partenariat avec FNE Is\u00e8re, et avec le soutien de la M\u00e9tropole de Lyon. Mercredi 30 mars \u00e0 18h30Au Cin\u00e9 Rillieux, &hellip; <a href=\"https:\/\/cosmos-culture-ecologie.com\/?page_id=1676\" class=\"more-link\">Continuer la lecture<span class=\"screen-reader-text\"> de &laquo;&nbsp;Le Festival du film Nature et Environnement en M\u00e9tropole de Lyon !&nbsp;&raquo;<\/span><\/a><\/p>\n","protected":false},"author":1,"featured_media":0,"parent":0,"menu_order":0,"comment_status":"closed","ping_status":"closed","template":"","meta":{"footnotes":""},"class_list":["post-1676","page","type-page","status-publish","hentry"],"_links":{"self":[{"href":"https:\/\/cosmos-culture-ecologie.com\/index.php?rest_route=\/wp\/v2\/pages\/1676","targetHints":{"allow":["GET"]}}],"collection":[{"href":"https:\/\/cosmos-culture-ecologie.com\/index.php?rest_route=\/wp\/v2\/pages"}],"about":[{"href":"https:\/\/cosmos-culture-ecologie.com\/index.php?rest_route=\/wp\/v2\/types\/page"}],"author":[{"embeddable":true,"href":"https:\/\/cosmos-culture-ecologie.com\/index.php?rest_route=\/wp\/v2\/users\/1"}],"replies":[{"embeddable":true,"href":"https:\/\/cosmos-culture-ecologie.com\/index.php?rest_route=%2Fwp%2Fv2%2Fcomments&post=1676"}],"version-history":[{"count":20,"href":"https:\/\/cosmos-culture-ecologie.com\/index.php?rest_route=\/wp\/v2\/pages\/1676\/revisions"}],"predecessor-version":[{"id":2661,"href":"https:\/\/cosmos-culture-ecologie.com\/index.php?rest_route=\/wp\/v2\/pages\/1676\/revisions\/2661"}],"wp:attachment":[{"href":"https:\/\/cosmos-culture-ecologie.com\/index.php?rest_route=%2Fwp%2Fv2%2Fmedia&parent=1676"}],"curies":[{"name":"wp","href":"https:\/\/api.w.org\/{rel}","templated":true}]}}