{"id":1598,"date":"2022-01-10T12:25:46","date_gmt":"2022-01-10T11:25:46","guid":{"rendered":"https:\/\/cosmos-culture-ecologie.com\/?page_id=1598"},"modified":"2022-02-09T11:53:09","modified_gmt":"2022-02-09T10:53:09","slug":"chauves-souris-ressources-et-actions","status":"publish","type":"page","link":"https:\/\/cosmos-culture-ecologie.com\/?page_id=1598","title":{"rendered":"Agir pour les chauves-souris"},"content":{"rendered":"\n<p class=\"has-medium-font-size\"><strong>Ressources et actions<\/strong><\/p>\n\n\n\n<p>Nous proposons sur cette page des ressources, informations, actions et initiatives. Elle sera aliment\u00e9e r\u00e9guli\u00e8rement dans les prochaines semaines, et \u00e9galement apr\u00e8s la soir\u00e9e du jeudi 3 f\u00e9vrier. Vous souhaitez nous faire part d&rsquo;informations pour qu&rsquo;elles apparaissent sur cette page ? Vous pouvez nous \u00e9crire \u00e0 cosmos.culture.ecologie (a) gmail.com<\/p>\n\n\n\n<p><strong>Liens vers des ressources : <\/strong><\/p>\n\n\n\n<p>&gt; La page SOS Chauves-souris de notre partenaire SHNA-OFAB (Soci\u00e9t\u00e9 d&rsquo;Histoire naturelle d&rsquo;Autun &#8211; Observatoire de la faune de Bourgogne) sur ce <a href=\"https:\/\/observatoire.shna-ofab.fr\/fr\/sos-chauves-souris_16.html\">lien<\/a>. <\/p>\n\n\n\n<p>&gt; Le Groupe Chiropt\u00e8res Rh\u00f4ne-Alpes et la LPO AURA (Ligue pour la protection des oiseaux &#8211; Auvergne Rh\u00f4ne-Alpes) ont men\u00e9 un travail photographique et de ressources, dont t\u00e9moigne ce <a href=\"https:\/\/atlascs.fauneauvergnerhonealpes.org\/\">site<\/a>. <\/p>\n\n\n\n<p>&gt; L&rsquo;association <a href=\"https:\/\/www.chauvequipeut.org\/\">Chauve qui peut<\/a>, men\u00e9e par Laurent Arthur et Mich\u00e8le Lemaire, protagonistes du documentaire <em>Chauve-souris, mon amour <\/em>de Pauline Horovitz, qui ont \u00e9t\u00e9 \u00e0 la t\u00eate du <a href=\"http:\/\/www.museum-bourges.net\/\">Museum d&rsquo;Histoire naturelle de Bourges<\/a> pendant 35 ans, et ont \u00e9galement oeuvr\u00e9 \u00e0 l&rsquo;incontournable <a href=\"https:\/\/www.nuitdelachauvesouris.com\/\">Nuit de la chauve-souris<\/a>.  <\/p>\n\n\n\n<p>&gt; Pr\u00e9sentation des chauves-souris par le SFEPM \u00e0 cette <a href=\"https:\/\/www.sfepm.org\/presentation-des-chauves-souris.html\">adresse<\/a>.<\/p>\n\n\n\n<p>&gt; Aider et prot\u00e9ger les chauves-souris dans le Rh\u00f4ne avec la <a href=\"https:\/\/www.lpo-rhone.fr\/index.php\/proteger2\/refuge\/invitez-la-nature-chez-vous\/7-actu\">LPO Rh\u00f4ne<\/a>.<\/p>\n\n\n\n<p><\/p>\n\n\n\n<p><strong>En M\u00e9tropole de Lyon <\/strong><\/p>\n\n\n\n<p>Le collectif Plein la vue, en partenariat avec FNE Rh\u00f4ne, a lanc\u00e9 une \u00ab\u00a0Charte Chauve-souris\u00a0\u00bb pour encourager et valoriser les commerces qui \u00e9teignent leurs enseignes la nuit, notamment dans le but de favoriser la vie de la biodiversit\u00e9 nocturne, symbolis\u00e9e par la chauve-souris. En savoir plus <a href=\"https:\/\/pleinlavue.org\/index.php\/la-charte-chauve-souris\/\">ici<\/a>.<\/p>\n\n\n\n<p><strong>Photographies<\/strong><\/p>\n\n\n\n<p>Plusieurs photographies de notre site et communication sont sign\u00e9es Pierre Karpoff, dont pouvez retrouver le travail \u00e0 cette <a href=\"http:\/\/avec2f.free.fr\/1-Mammiferes.Chauves-souris.1.html\">adresse<\/a>. <\/p>\n\n\n\n<p><strong>Les chauves-souris racont\u00e9es aux enfants<\/strong><\/p>\n\n\n\n<p><em>Les Gardiennes du grenier<\/em> d&rsquo;Oriane Lassus (Biscoto, 2020).<\/p>\n\n\n\n<p><em>Le Livre de la chauve-souris <\/em>de Charlotte Milner (Grenouille \u00e9ditions, 2020) <\/p>\n\n\n\n<p><em>Suis du doigt la chauve-souri<\/em>s, \u00e9crit par\u00a0Beno\u00eet<a href=\"https:\/\/editionslacabanebleue.com\/nos-artistes#benot-broyart\"> <\/a>Broyar, illustr\u00e9 par\u00a0Margaux Grappe (La Cabane bleue, 2021). Relecture scientifique : Mich\u00e8le Lemaire, conservatrice en chef au mus\u00e9um d\u2019histoire naturelle de Bourges.<\/p>\n\n\n\n<p>C\u00f4t\u00e9 cin\u00e9ma, nous aimons \u00e9norm\u00e9ment le formidable programme de courts m\u00e9trages <em>Les Mal-aim\u00e9s<\/em> d&rsquo;H\u00e9l\u00e8ne Ducrocq (2020), dont l&rsquo;un est consacr\u00e9 aux aventures de deux chauves-souris. <\/p>\n\n\n\n<p><strong>Quelques ouvrages : <\/strong><\/p>\n\n\n\n<p>>\u00a0<em>Les Chauves-souris de France Belgique Luxembourg et Suisse<\/em>, de Laurent Arthur et Mich\u00e8le Lemaire, publi\u00e9 aux \u00e9ditions BIOTOPE en 2009.<\/p>\n\n\n\n<p>>\u00a0<em>Les chauves-souris ont-elles peur de la lumi\u00e8re ? 100 cl\u00e9s pour comprendre les chauves-souris,\u00a0<\/em>de Fran\u00e7ois Prud&rsquo;homme, publi\u00e9 aux \u00e9ditions Quae en 2013.<\/p>\n\n\n\n<p>>\u00a0<em>Des chauve-souris, des singes et des hommes<\/em>, de Paule Constant, publi\u00e9 aux \u00e9ditions Gallimard en 2016.<\/p>\n\n\n\n<p><\/p>\n\n\n\n<p><\/p>\n\n\n","protected":false},"excerpt":{"rendered":"<p>Ressources et actions Nous proposons sur cette page des ressources, informations, actions et initiatives. Elle sera aliment\u00e9e r\u00e9guli\u00e8rement dans les prochaines semaines, et \u00e9galement apr\u00e8s la soir\u00e9e du jeudi 3 f\u00e9vrier. Vous souhaitez nous faire part d&rsquo;informations pour qu&rsquo;elles apparaissent sur cette page ? Vous pouvez nous \u00e9crire \u00e0 cosmos.culture.ecologie (a) gmail.com Liens vers des &hellip; <a href=\"https:\/\/cosmos-culture-ecologie.com\/?page_id=1598\" class=\"more-link\">Continuer la lecture<span class=\"screen-reader-text\"> de &laquo;&nbsp;Agir pour les chauves-souris&nbsp;&raquo;<\/span><\/a><\/p>\n","protected":false},"author":1,"featured_media":0,"parent":0,"menu_order":0,"comment_status":"closed","ping_status":"closed","template":"","meta":{"footnotes":""},"class_list":["post-1598","page","type-page","status-publish","hentry"],"_links":{"self":[{"href":"https:\/\/cosmos-culture-ecologie.com\/index.php?rest_route=\/wp\/v2\/pages\/1598","targetHints":{"allow":["GET"]}}],"collection":[{"href":"https:\/\/cosmos-culture-ecologie.com\/index.php?rest_route=\/wp\/v2\/pages"}],"about":[{"href":"https:\/\/cosmos-culture-ecologie.com\/index.php?rest_route=\/wp\/v2\/types\/page"}],"author":[{"embeddable":true,"href":"https:\/\/cosmos-culture-ecologie.com\/index.php?rest_route=\/wp\/v2\/users\/1"}],"replies":[{"embeddable":true,"href":"https:\/\/cosmos-culture-ecologie.com\/index.php?rest_route=%2Fwp%2Fv2%2Fcomments&post=1598"}],"version-history":[{"count":10,"href":"https:\/\/cosmos-culture-ecologie.com\/index.php?rest_route=\/wp\/v2\/pages\/1598\/revisions"}],"predecessor-version":[{"id":1672,"href":"https:\/\/cosmos-culture-ecologie.com\/index.php?rest_route=\/wp\/v2\/pages\/1598\/revisions\/1672"}],"wp:attachment":[{"href":"https:\/\/cosmos-culture-ecologie.com\/index.php?rest_route=%2Fwp%2Fv2%2Fmedia&parent=1598"}],"curies":[{"name":"wp","href":"https:\/\/api.w.org\/{rel}","templated":true}]}}