{"id":125,"date":"2020-02-26T00:14:25","date_gmt":"2020-02-25T23:14:25","guid":{"rendered":"http:\/\/cosmos-culture-ecologie.com\/?page_id=125"},"modified":"2025-08-27T16:50:17","modified_gmt":"2025-08-27T14:50:17","slug":"presentation","status":"publish","type":"page","link":"https:\/\/cosmos-culture-ecologie.com\/?page_id=125","title":{"rendered":"Pr\u00e9sentation et intention"},"content":{"rendered":"<div class=\"wp-block-image\">\n<figure class=\"aligncenter is-resized\"><img loading=\"lazy\" decoding=\"async\" width=\"1024\" height=\"724\" src=\"https:\/\/cosmos-culture-ecologie.com\/wp-content\/uploads\/2020\/02\/cosmos-web-avec-logo-pastille-MAILCHIMP-1024x724.jpeg\" alt=\"\" class=\"wp-image-7\" style=\"width:474px;height:335px\" srcset=\"https:\/\/cosmos-culture-ecologie.com\/wp-content\/uploads\/2020\/02\/cosmos-web-avec-logo-pastille-MAILCHIMP-1024x724.jpeg 1024w, https:\/\/cosmos-culture-ecologie.com\/wp-content\/uploads\/2020\/02\/cosmos-web-avec-logo-pastille-MAILCHIMP-300x212.jpeg 300w, https:\/\/cosmos-culture-ecologie.com\/wp-content\/uploads\/2020\/02\/cosmos-web-avec-logo-pastille-MAILCHIMP-768x543.jpeg 768w, https:\/\/cosmos-culture-ecologie.com\/wp-content\/uploads\/2020\/02\/cosmos-web-avec-logo-pastille-MAILCHIMP-1568x1108.jpeg 1568w, https:\/\/cosmos-culture-ecologie.com\/wp-content\/uploads\/2020\/02\/cosmos-web-avec-logo-pastille-MAILCHIMP.jpeg 1772w\" sizes=\"auto, (max-width: 709px) 85vw, (max-width: 909px) 67vw, (max-width: 1362px) 62vw, 840px\" \/><figcaption class=\"wp-element-caption\">Illustration sign\u00e9e \u00a9Phileas Dog<\/figcaption><\/figure><\/div>\n\n\n<p><\/p>\n\n\n\n<p class=\"has-text-align-center\"><strong>Cosmos \u2013 culture et \u00e9cologie propose une programmation culturelle et artistique, autour de l\u2019\u00e9cologie dans son sens le plus large, en lien avec le vivant, pour tous les publics.<\/strong><\/p>\n\n\n\n<p><strong>Cosmos<\/strong> :<\/p>\n\n\n\n<p>Le mot Cosmos d\u00e9signe \u00e0 la fois une fleur et l\u2019univers, liant la Terre et le ciel, le tout petit et l\u2019infiniment grand, le pr\u00e9sent et le pass\u00e9, le fini et l\u2019infini\u2026 Un nom qui invite \u00e0 questionner la place que nous, humains, souhaitons prendre dans la toile du vivant. Le nom Cosmos est aussi un clin d\u2019oeil au beau film, pionnier, <em>Microcosmos<\/em> de Claude Nurisdany et Marie P\u00e9rennou coproduit par Jacques Perrin (1996) (film que nous avons mis \u00e0 l&rsquo;honneur en 2023 !).<\/p>\n\n\n\n<p><strong>Culture et \u00e9cologie :<\/strong><\/p>\n\n\n\n<p>Parce que l\u2019\u00e9cologie est un enjeu crucial, cl\u00e9 de vo\u00fbte de tous les autres, un d\u00e9fi majeur pour nos soci\u00e9t\u00e9s,<\/p>\n\n\n\n<p>Parce que \u00ab savoir, c\u2019est pouvoir \u00bb (Marie-Monique Robin),<\/p>\n\n\n\n<p>Parce qu\u2019\u00abon aime ce qui nous a \u00e9merveill\u00e9s, et qu\u2019on prot\u00e8ge ce que l\u2019on aime\u00bb (Jacques-Yves Cousteau),<\/p>\n\n\n\n<p>Parce que notre rapport au monde se construit sur des histoires, et que notre \u00e9poque appelle \u00e0 de nouveaux r\u00e9cits (Cyril Dion),<\/p>\n\n\n\n<p>Parce que la culture et l&rsquo;art sont des vecteurs formidables de savoirs, de d\u00e9couvertes, de partages et d\u2019\u00e9merveillement, et \u00e0 travers cela, de prise de conscience et de passage \u00e0 l\u2019action,<\/p>\n\n\n\n<p>Parce que le besoin de citoyens de tous \u00e2ges d\u2019\u00e9changer et d\u2019apprendre autour du vivant est croissant,<\/p>\n\n\n\n<p>Parce que la vie sauvage a beaucoup \u00e0 nous apprendre (Francois Sarano&#8230;), et qu&rsquo;aller \u00e0 sa rencontre peut aussi \u00eatre une \u00e9cole de la paix,<\/p>\n\n\n\n<p>Cosmos \u2013 culture et \u00e9cologie s\u2019appuie sur l&rsquo;art et sur la culture \u2013 culture du coeur, de l\u2019esprit et de la Terre \u2013 pour susciter la curiosit\u00e9, la r\u00e9flexion et l\u2019\u00e9merveillement \u00e0 l\u2019\u00e9gard du monde et du vivant, transmettre des connaissances sur la Terre, l\u2019envie de la pr\u00e9server et de la soigner, renouveler notre lien au vivant, \u00e0 la beaut\u00e9, transmettre de nouveaux r\u00e9cits, \u00e9changer autour de l\u2019\u00e9cologie dans toute sa transversalit\u00e9 \u2013 \u00e9cologie du vivant, sociale, politique, spirituelle, se faire l\u2019\u00e9cho des mouvements du monde et de ses habitants, si \u00e9troitement li\u00e9 au sort des autres vivants : f\u00e9minismes (l&rsquo;\u00e9cologie \u00e9tant intimement, inextricablement li\u00e9e \u00e0 la place des femmes), exils et migrations, et tout sujet de soci\u00e9t\u00e9 qui nous donnera envie de l&rsquo;aborder\u2026<\/p>\n\n\n\n<p>Un point de rencontre entre la culture et l\u2019\u00e9cologie : la beaut\u00e9. Aimer et pr\u00e9server la beaut\u00e9 du vivant, l\u2019allier \u00e0 la beaut\u00e9 des oeuvres de l\u2019humanit\u00e9, s\u2019en \u00e9merveiller et en prendre soin\u2026<\/p>\n\n\n\n<p><\/p>\n\n\n\n<p><\/p>\n\n\n\n<p><\/p>\n\n\n\n<p><\/p>\n\n\n\n<figure class=\"wp-block-gallery has-nested-images columns-default is-cropped wp-block-gallery-1 is-layout-flex wp-block-gallery-is-layout-flex\">\n<figure class=\"wp-block-image size-large\"><img loading=\"lazy\" decoding=\"async\" width=\"1024\" height=\"744\" data-id=\"89\" src=\"https:\/\/cosmos-culture-ecologie.com\/wp-content\/uploads\/2020\/02\/vertjaunerose-1024x744.jpg\" alt=\"vertjaunerosse\" class=\"wp-image-89\" srcset=\"https:\/\/cosmos-culture-ecologie.com\/wp-content\/uploads\/2020\/02\/vertjaunerose-1024x744.jpg 1024w, https:\/\/cosmos-culture-ecologie.com\/wp-content\/uploads\/2020\/02\/vertjaunerose-300x218.jpg 300w, https:\/\/cosmos-culture-ecologie.com\/wp-content\/uploads\/2020\/02\/vertjaunerose-768x558.jpg 768w, https:\/\/cosmos-culture-ecologie.com\/wp-content\/uploads\/2020\/02\/vertjaunerose-1536x1116.jpg 1536w, https:\/\/cosmos-culture-ecologie.com\/wp-content\/uploads\/2020\/02\/vertjaunerose-2048x1488.jpg 2048w, https:\/\/cosmos-culture-ecologie.com\/wp-content\/uploads\/2020\/02\/vertjaunerose-1200x872.jpg 1200w\" sizes=\"auto, (max-width: 709px) 85vw, (max-width: 909px) 67vw, (max-width: 1362px) 62vw, 840px\" \/><\/figure>\n\n\n\n<figure class=\"wp-block-image size-large\"><img loading=\"lazy\" decoding=\"async\" width=\"1024\" height=\"744\" data-id=\"85\" src=\"https:\/\/cosmos-culture-ecologie.com\/wp-content\/uploads\/2020\/02\/bleu-jaune-1024x744.jpg\" alt=\"bleu jaune\" class=\"wp-image-85\" srcset=\"https:\/\/cosmos-culture-ecologie.com\/wp-content\/uploads\/2020\/02\/bleu-jaune-1024x744.jpg 1024w, https:\/\/cosmos-culture-ecologie.com\/wp-content\/uploads\/2020\/02\/bleu-jaune-300x218.jpg 300w, https:\/\/cosmos-culture-ecologie.com\/wp-content\/uploads\/2020\/02\/bleu-jaune-768x558.jpg 768w, https:\/\/cosmos-culture-ecologie.com\/wp-content\/uploads\/2020\/02\/bleu-jaune-1536x1116.jpg 1536w, https:\/\/cosmos-culture-ecologie.com\/wp-content\/uploads\/2020\/02\/bleu-jaune-2048x1488.jpg 2048w, https:\/\/cosmos-culture-ecologie.com\/wp-content\/uploads\/2020\/02\/bleu-jaune-1200x872.jpg 1200w\" sizes=\"auto, (max-width: 709px) 85vw, (max-width: 909px) 67vw, (max-width: 1362px) 62vw, 840px\" \/><\/figure>\n\n\n\n<figure class=\"wp-block-image size-large\"><img loading=\"lazy\" decoding=\"async\" width=\"1024\" height=\"744\" data-id=\"88\" src=\"https:\/\/cosmos-culture-ecologie.com\/wp-content\/uploads\/2020\/02\/vert-1024x744.jpg\" alt=\"vert\" class=\"wp-image-88\" srcset=\"https:\/\/cosmos-culture-ecologie.com\/wp-content\/uploads\/2020\/02\/vert-1024x744.jpg 1024w, https:\/\/cosmos-culture-ecologie.com\/wp-content\/uploads\/2020\/02\/vert-300x218.jpg 300w, https:\/\/cosmos-culture-ecologie.com\/wp-content\/uploads\/2020\/02\/vert-768x558.jpg 768w, https:\/\/cosmos-culture-ecologie.com\/wp-content\/uploads\/2020\/02\/vert-1536x1116.jpg 1536w, https:\/\/cosmos-culture-ecologie.com\/wp-content\/uploads\/2020\/02\/vert-2048x1488.jpg 2048w, https:\/\/cosmos-culture-ecologie.com\/wp-content\/uploads\/2020\/02\/vert-1200x872.jpg 1200w\" sizes=\"auto, (max-width: 709px) 85vw, (max-width: 909px) 67vw, (max-width: 1362px) 62vw, 840px\" \/><\/figure>\n<figcaption class=\"blocks-gallery-caption wp-element-caption\">Logo et illustration sign\u00e9s <a href=\"http:\/\/phileasdogcorporation.com\/\">Phileas Dog<\/a>.<\/figcaption><\/figure>\n","protected":false},"excerpt":{"rendered":"<p>Cosmos \u2013 culture et \u00e9cologie propose une programmation culturelle et artistique, autour de l\u2019\u00e9cologie dans son sens le plus large, en lien avec le vivant, pour tous les publics. Cosmos : Le mot Cosmos d\u00e9signe \u00e0 la fois une fleur et l\u2019univers, liant la Terre et le ciel, le tout petit et l\u2019infiniment grand, le &hellip; <a href=\"https:\/\/cosmos-culture-ecologie.com\/?page_id=125\" class=\"more-link\">Continuer la lecture<span class=\"screen-reader-text\"> de &laquo;&nbsp;Pr\u00e9sentation et intention&nbsp;&raquo;<\/span><\/a><\/p>\n","protected":false},"author":1,"featured_media":0,"parent":0,"menu_order":0,"comment_status":"closed","ping_status":"closed","template":"","meta":{"footnotes":""},"class_list":["post-125","page","type-page","status-publish","hentry"],"_links":{"self":[{"href":"https:\/\/cosmos-culture-ecologie.com\/index.php?rest_route=\/wp\/v2\/pages\/125","targetHints":{"allow":["GET"]}}],"collection":[{"href":"https:\/\/cosmos-culture-ecologie.com\/index.php?rest_route=\/wp\/v2\/pages"}],"about":[{"href":"https:\/\/cosmos-culture-ecologie.com\/index.php?rest_route=\/wp\/v2\/types\/page"}],"author":[{"embeddable":true,"href":"https:\/\/cosmos-culture-ecologie.com\/index.php?rest_route=\/wp\/v2\/users\/1"}],"replies":[{"embeddable":true,"href":"https:\/\/cosmos-culture-ecologie.com\/index.php?rest_route=%2Fwp%2Fv2%2Fcomments&post=125"}],"version-history":[{"count":25,"href":"https:\/\/cosmos-culture-ecologie.com\/index.php?rest_route=\/wp\/v2\/pages\/125\/revisions"}],"predecessor-version":[{"id":3472,"href":"https:\/\/cosmos-culture-ecologie.com\/index.php?rest_route=\/wp\/v2\/pages\/125\/revisions\/3472"}],"wp:attachment":[{"href":"https:\/\/cosmos-culture-ecologie.com\/index.php?rest_route=%2Fwp%2Fv2%2Fmedia&parent=125"}],"curies":[{"name":"wp","href":"https:\/\/api.w.org\/{rel}","templated":true}]}}